{"id":9859,"date":"2024-11-05T20:17:24","date_gmt":"2024-11-05T20:17:24","guid":{"rendered":"https:\/\/www.intiworld.com\/?post_type=product&#038;p=9859"},"modified":"2024-11-05T20:18:13","modified_gmt":"2024-11-05T20:18:13","slug":"capelo-con-base-de-madera-chico","status":"publish","type":"product","link":"https:\/\/www.intiworld.com\/?product=capelo-con-base-de-madera-chico","title":{"rendered":"Capelo con base de madera | Chico"},"content":{"rendered":"","protected":false},"excerpt":{"rendered":"<p>Exhibidor para joyer\u00eda o alg\u00fan mineral de colecci\u00f3n tipo capelo con base de madera, excelente para exhibir tu joyer\u00eda o art\u00edculo d\u00e1ndole un toque \u00fanico y elegante.<\/p>\n<p><strong>Tama\u00f1o<\/strong>: 5 cm de ancho x 6.5 cm de alto.<br \/>\n<strong>Material<\/strong>: Vidrio y Madera.<br \/>\n<strong>Formato de venta<\/strong>: Por Pieza.<br \/>\n<strong>Forma de entrega<\/strong>: Recoge en tienda o Envio por paqueter\u00eda.<\/p>\n<p>Cualquier duda con este material favor de mandar whats app o mandar correo electronico.<\/p>\n","protected":false},"featured_media":9854,"comment_status":"open","ping_status":"closed","template":"","meta":[],"product_brand":[],"product_cat":[340],"product_tag":[],"class_list":{"0":"post-9859","1":"product","2":"type-product","3":"status-publish","4":"has-post-thumbnail","6":"product_cat-capelo-con-base-de-madera-para-exhibicion","8":"first","9":"instock","10":"taxable","11":"shipping-taxable","12":"product-type-simple"},"_links":{"self":[{"href":"https:\/\/www.intiworld.com\/index.php?rest_route=\/wp\/v2\/product\/9859","targetHints":{"allow":["GET"]}}],"collection":[{"href":"https:\/\/www.intiworld.com\/index.php?rest_route=\/wp\/v2\/product"}],"about":[{"href":"https:\/\/www.intiworld.com\/index.php?rest_route=\/wp\/v2\/types\/product"}],"replies":[{"embeddable":true,"href":"https:\/\/www.intiworld.com\/index.php?rest_route=%2Fwp%2Fv2%2Fcomments&post=9859"}],"version-history":[{"count":1,"href":"https:\/\/www.intiworld.com\/index.php?rest_route=\/wp\/v2\/product\/9859\/revisions"}],"predecessor-version":[{"id":9860,"href":"https:\/\/www.intiworld.com\/index.php?rest_route=\/wp\/v2\/product\/9859\/revisions\/9860"}],"wp:featuredmedia":[{"embeddable":true,"href":"https:\/\/www.intiworld.com\/index.php?rest_route=\/wp\/v2\/media\/9854"}],"wp:attachment":[{"href":"https:\/\/www.intiworld.com\/index.php?rest_route=%2Fwp%2Fv2%2Fmedia&parent=9859"}],"wp:term":[{"taxonomy":"product_brand","embeddable":true,"href":"https:\/\/www.intiworld.com\/index.php?rest_route=%2Fwp%2Fv2%2Fproduct_brand&post=9859"},{"taxonomy":"product_cat","embeddable":true,"href":"https:\/\/www.intiworld.com\/index.php?rest_route=%2Fwp%2Fv2%2Fproduct_cat&post=9859"},{"taxonomy":"product_tag","embeddable":true,"href":"https:\/\/www.intiworld.com\/index.php?rest_route=%2Fwp%2Fv2%2Fproduct_tag&post=9859"}],"curies":[{"name":"wp","href":"https:\/\/api.w.org\/{rel}","templated":true}]}}