{"id":937,"date":"2022-11-23T04:54:50","date_gmt":"2022-11-23T04:54:50","guid":{"rendered":"https:\/\/intiworld.com\/?post_type=product&#038;p=937"},"modified":"2022-11-23T04:56:16","modified_gmt":"2022-11-23T04:56:16","slug":"puntas-de-amatista","status":"publish","type":"product","link":"https:\/\/www.intiworld.com\/?product=puntas-de-amatista","title":{"rendered":"Puntas de amatista"},"content":{"rendered":"","protected":false},"excerpt":{"rendered":"<p><strong>Piedras Mexicanas que exportamos al mercado internacional con gran calidad y precios competitivos. Dentro de las piedras que exportamos se encuentran:\u00a0<\/strong><\/p>\n<p><span style=\"font-weight: 300;\">Dentro de este grupo de Piedras Mexicanas, tenemos algunas, muy solicitadas en el mercado internacional y las exportamos, porque existe ventajas en calidad y precios, como son: Obsidiana Negra, obsidiana marr\u00f3n o mahogany, obsidiana dorada, calcita naranja, calcita cebra y fluorita.<\/span><\/p>\n<p>M\u00e1s de esta categor\u00eda: <span style=\"font-weight: 300;\">Obsidiana Arco Iris, Obsidiana Manto Huichol, Calcita Azul, Calcita \u00d3ptica, Amatista, \u00c1gata, geodas de Zacatecas, Mini geodas, Jaspe Picasso, Jaspe madera, Rosa del Desierto, selenita, \u00c1gata de fuego, \u00f3palo, Jaspe Imperial, etc.<\/span><\/p>\n","protected":false},"featured_media":939,"comment_status":"open","ping_status":"closed","template":"","meta":[],"product_brand":[],"product_cat":[15],"product_tag":[],"class_list":{"0":"post-937","1":"product","2":"type-product","3":"status-publish","4":"has-post-thumbnail","6":"product_cat-articulo","8":"first","9":"instock","10":"virtual","11":"taxable","12":"product-type-simple"},"_links":{"self":[{"href":"https:\/\/www.intiworld.com\/index.php?rest_route=\/wp\/v2\/product\/937","targetHints":{"allow":["GET"]}}],"collection":[{"href":"https:\/\/www.intiworld.com\/index.php?rest_route=\/wp\/v2\/product"}],"about":[{"href":"https:\/\/www.intiworld.com\/index.php?rest_route=\/wp\/v2\/types\/product"}],"replies":[{"embeddable":true,"href":"https:\/\/www.intiworld.com\/index.php?rest_route=%2Fwp%2Fv2%2Fcomments&post=937"}],"version-history":[{"count":0,"href":"https:\/\/www.intiworld.com\/index.php?rest_route=\/wp\/v2\/product\/937\/revisions"}],"wp:featuredmedia":[{"embeddable":true,"href":"https:\/\/www.intiworld.com\/index.php?rest_route=\/wp\/v2\/media\/939"}],"wp:attachment":[{"href":"https:\/\/www.intiworld.com\/index.php?rest_route=%2Fwp%2Fv2%2Fmedia&parent=937"}],"wp:term":[{"taxonomy":"product_brand","embeddable":true,"href":"https:\/\/www.intiworld.com\/index.php?rest_route=%2Fwp%2Fv2%2Fproduct_brand&post=937"},{"taxonomy":"product_cat","embeddable":true,"href":"https:\/\/www.intiworld.com\/index.php?rest_route=%2Fwp%2Fv2%2Fproduct_cat&post=937"},{"taxonomy":"product_tag","embeddable":true,"href":"https:\/\/www.intiworld.com\/index.php?rest_route=%2Fwp%2Fv2%2Fproduct_tag&post=937"}],"curies":[{"name":"wp","href":"https:\/\/api.w.org\/{rel}","templated":true}]}}