{"id":8184,"date":"2024-09-27T21:02:54","date_gmt":"2024-09-27T21:02:54","guid":{"rendered":"https:\/\/www.intiworld.com\/?post_type=product&#038;p=8184"},"modified":"2024-09-27T21:07:12","modified_gmt":"2024-09-27T21:07:12","slug":"cuarzo-cherry-5mm-a-1-2mm","status":"publish","type":"product","link":"https:\/\/www.intiworld.com\/?product=cuarzo-cherry-5mm-a-1-2mm","title":{"rendered":"Cuarzo cherry | .5mm a 1.2mm"},"content":{"rendered":"","protected":false},"excerpt":{"rendered":"<p><strong>Mineral:<\/strong> Cuarzo Cherry.<br \/>\n<strong>Composici\u00f3n: <\/strong>SiO\u00b2.<strong><br \/>\nGrupo: <\/strong>Silicatos.<strong><br \/>\nDureza:<\/strong> 7 Escala Mhos.<strong><br \/>\nPropiedades Espirituales<\/strong>: El cuarzo cereza promueve una sensaci\u00f3n de amor y alegr\u00eda. Tambi\u00e9n anima al usuario a ser m\u00e1s humor\u00edstico y desenfadado. Este \u00faltimo encuentra una armon\u00eda interior m\u00e1s amplificada. Su compasi\u00f3n, autoayuda, empat\u00eda y cualidad altruista tambi\u00e9n se ven afectadas positivamente. Se vuelve m\u00e1s tolerante y menos susceptible a la depresi\u00f3n.<\/p>\n<p><strong>Tipo<\/strong>: Cuentas Amorfas Perforadas.<br \/>\n<strong>Tama\u00f1o de Cuenta<\/strong>: De .5 mm a 1.2 mm.<br \/>\n<strong>Forma de venta<\/strong>: Por Hilo o Tira.<br \/>\n<strong>Tama\u00f1o del Hilo<\/strong>: 37 cm a 40 cm Aproximadamente.<br \/>\n<strong>Forma de entrega<\/strong>: En tienda o Envio por paqueter\u00eda.<\/p>\n<p><strong>Nota<\/strong>: Cualquier duda sobre este articulo favor de mandar mensaje de whats app o mandar correo electr\u00f3nico.<\/p>\n","protected":false},"featured_media":8168,"comment_status":"open","ping_status":"closed","template":"","meta":[],"product_brand":[],"product_cat":[277],"product_tag":[],"class_list":{"0":"post-8184","1":"product","2":"type-product","3":"status-publish","4":"has-post-thumbnail","6":"product_cat-tiras-de-piedra-amorfa","8":"first","9":"instock","10":"taxable","11":"shipping-taxable","12":"product-type-simple"},"_links":{"self":[{"href":"https:\/\/www.intiworld.com\/index.php?rest_route=\/wp\/v2\/product\/8184","targetHints":{"allow":["GET"]}}],"collection":[{"href":"https:\/\/www.intiworld.com\/index.php?rest_route=\/wp\/v2\/product"}],"about":[{"href":"https:\/\/www.intiworld.com\/index.php?rest_route=\/wp\/v2\/types\/product"}],"replies":[{"embeddable":true,"href":"https:\/\/www.intiworld.com\/index.php?rest_route=%2Fwp%2Fv2%2Fcomments&post=8184"}],"version-history":[{"count":1,"href":"https:\/\/www.intiworld.com\/index.php?rest_route=\/wp\/v2\/product\/8184\/revisions"}],"predecessor-version":[{"id":8185,"href":"https:\/\/www.intiworld.com\/index.php?rest_route=\/wp\/v2\/product\/8184\/revisions\/8185"}],"wp:featuredmedia":[{"embeddable":true,"href":"https:\/\/www.intiworld.com\/index.php?rest_route=\/wp\/v2\/media\/8168"}],"wp:attachment":[{"href":"https:\/\/www.intiworld.com\/index.php?rest_route=%2Fwp%2Fv2%2Fmedia&parent=8184"}],"wp:term":[{"taxonomy":"product_brand","embeddable":true,"href":"https:\/\/www.intiworld.com\/index.php?rest_route=%2Fwp%2Fv2%2Fproduct_brand&post=8184"},{"taxonomy":"product_cat","embeddable":true,"href":"https:\/\/www.intiworld.com\/index.php?rest_route=%2Fwp%2Fv2%2Fproduct_cat&post=8184"},{"taxonomy":"product_tag","embeddable":true,"href":"https:\/\/www.intiworld.com\/index.php?rest_route=%2Fwp%2Fv2%2Fproduct_tag&post=8184"}],"curies":[{"name":"wp","href":"https:\/\/api.w.org\/{rel}","templated":true}]}}