{"id":8000,"date":"2024-09-23T20:46:58","date_gmt":"2024-09-23T20:46:58","guid":{"rendered":"https:\/\/www.intiworld.com\/?post_type=product&#038;p=8000"},"modified":"2024-09-23T20:53:05","modified_gmt":"2024-09-23T20:53:05","slug":"hilo-encerado-cafe-2mm-10-mts","status":"publish","type":"product","link":"https:\/\/www.intiworld.com\/?product=hilo-encerado-cafe-2mm-10-mts","title":{"rendered":"Hilo encerado caf\u00e9 2mm | 10 mts"},"content":{"rendered":"","protected":false},"excerpt":{"rendered":"<p>Hilo encerado para elaboraci\u00f3n de bisuter\u00eda o manualidades y mas.<br \/>\n<strong><br \/>\nArticulo<\/strong>: Hilo encerado.<br \/>\n<strong>Color<\/strong>: Caf\u00e9.<br \/>\n<strong>Contenido<\/strong>: 10 mts.<br \/>\n<strong>Grosor<\/strong>: 2 mm.<\/p>\n<p>Cualquier duda sobre este articulo favor de mandar mensaje de whats app o por correo electronico.<\/p>\n","protected":false},"featured_media":8001,"comment_status":"open","ping_status":"closed","template":"","meta":[],"product_brand":[],"product_cat":[269],"product_tag":[],"class_list":{"0":"post-8000","1":"product","2":"type-product","3":"status-publish","4":"has-post-thumbnail","6":"product_cat-hilo-encerado-10-mts","8":"first","9":"instock","10":"taxable","11":"shipping-taxable","12":"product-type-simple"},"_links":{"self":[{"href":"https:\/\/www.intiworld.com\/index.php?rest_route=\/wp\/v2\/product\/8000","targetHints":{"allow":["GET"]}}],"collection":[{"href":"https:\/\/www.intiworld.com\/index.php?rest_route=\/wp\/v2\/product"}],"about":[{"href":"https:\/\/www.intiworld.com\/index.php?rest_route=\/wp\/v2\/types\/product"}],"replies":[{"embeddable":true,"href":"https:\/\/www.intiworld.com\/index.php?rest_route=%2Fwp%2Fv2%2Fcomments&post=8000"}],"version-history":[{"count":1,"href":"https:\/\/www.intiworld.com\/index.php?rest_route=\/wp\/v2\/product\/8000\/revisions"}],"predecessor-version":[{"id":8003,"href":"https:\/\/www.intiworld.com\/index.php?rest_route=\/wp\/v2\/product\/8000\/revisions\/8003"}],"wp:featuredmedia":[{"embeddable":true,"href":"https:\/\/www.intiworld.com\/index.php?rest_route=\/wp\/v2\/media\/8001"}],"wp:attachment":[{"href":"https:\/\/www.intiworld.com\/index.php?rest_route=%2Fwp%2Fv2%2Fmedia&parent=8000"}],"wp:term":[{"taxonomy":"product_brand","embeddable":true,"href":"https:\/\/www.intiworld.com\/index.php?rest_route=%2Fwp%2Fv2%2Fproduct_brand&post=8000"},{"taxonomy":"product_cat","embeddable":true,"href":"https:\/\/www.intiworld.com\/index.php?rest_route=%2Fwp%2Fv2%2Fproduct_cat&post=8000"},{"taxonomy":"product_tag","embeddable":true,"href":"https:\/\/www.intiworld.com\/index.php?rest_route=%2Fwp%2Fv2%2Fproduct_tag&post=8000"}],"curies":[{"name":"wp","href":"https:\/\/api.w.org\/{rel}","templated":true}]}}