{"id":7555,"date":"2024-09-12T18:55:01","date_gmt":"2024-09-12T18:55:01","guid":{"rendered":"https:\/\/www.intiworld.com\/?post_type=product&#038;p=7555"},"modified":"2024-09-12T18:58:54","modified_gmt":"2024-09-12T18:58:54","slug":"punta-semipulida-de-piedra-angelita","status":"publish","type":"product","link":"https:\/\/www.intiworld.com\/?product=punta-semipulida-de-piedra-angelita","title":{"rendered":"Punta semipulida de piedra angelita"},"content":{"rendered":"","protected":false},"excerpt":{"rendered":"<p><strong>Mineral: <\/strong>Angelita.<br \/>\n<strong>Composici\u00f3n: <\/strong>CaSO<sub>4.<\/sub><strong><br \/>\nGrupo: <\/strong>Sulfatos.<strong><br \/>\nDureza:\u00a0 <\/strong>3.5 Escala Mhos.<strong><br \/>\nPropiedades Espirituales<\/strong>: La\u00a0<strong>angelita<\/strong>\u00a0se conoce por ser una piedra de inspiraci\u00f3n para la paz y la hermandad. En cristaloterapia suele usarse para equilibrar el chakra de la garganta y del tercer ojo, beneficiando los tejidos, los vasos sangu\u00edneos y la tiroides. Se dice que facilita la comunicaci\u00f3n y la telepat\u00eda.<\/p>\n<p><strong>Tipo<\/strong>: Punta Semipulida.<br \/>\n<strong>Forma de venta<\/strong>: Por Kilo o por Gramo. (Las puntas var\u00edan en tama\u00f1o desde 6 cm a 10 cm de alto y peso desde 200 gr a 500 gr).<br \/>\n<strong>Forma de entrega<\/strong>: En tienda o Envio por paqueter\u00eda.<\/p>\n<p>Cualquier duda sobre este material favor de mandar whats app o por correo.<\/p>\n","protected":false},"featured_media":7557,"comment_status":"open","ping_status":"closed","template":"","meta":[],"product_brand":[],"product_cat":[260],"product_tag":[239,232],"class_list":{"0":"post-7555","1":"product","2":"type-product","3":"status-publish","4":"has-post-thumbnail","6":"product_cat-puntas-de-piedra","7":"product_tag-cuarzo","8":"product_tag-puntas","10":"first","11":"instock","12":"taxable","13":"shipping-taxable","14":"product-type-simple"},"_links":{"self":[{"href":"https:\/\/www.intiworld.com\/index.php?rest_route=\/wp\/v2\/product\/7555","targetHints":{"allow":["GET"]}}],"collection":[{"href":"https:\/\/www.intiworld.com\/index.php?rest_route=\/wp\/v2\/product"}],"about":[{"href":"https:\/\/www.intiworld.com\/index.php?rest_route=\/wp\/v2\/types\/product"}],"replies":[{"embeddable":true,"href":"https:\/\/www.intiworld.com\/index.php?rest_route=%2Fwp%2Fv2%2Fcomments&post=7555"}],"version-history":[{"count":1,"href":"https:\/\/www.intiworld.com\/index.php?rest_route=\/wp\/v2\/product\/7555\/revisions"}],"predecessor-version":[{"id":7559,"href":"https:\/\/www.intiworld.com\/index.php?rest_route=\/wp\/v2\/product\/7555\/revisions\/7559"}],"wp:featuredmedia":[{"embeddable":true,"href":"https:\/\/www.intiworld.com\/index.php?rest_route=\/wp\/v2\/media\/7557"}],"wp:attachment":[{"href":"https:\/\/www.intiworld.com\/index.php?rest_route=%2Fwp%2Fv2%2Fmedia&parent=7555"}],"wp:term":[{"taxonomy":"product_brand","embeddable":true,"href":"https:\/\/www.intiworld.com\/index.php?rest_route=%2Fwp%2Fv2%2Fproduct_brand&post=7555"},{"taxonomy":"product_cat","embeddable":true,"href":"https:\/\/www.intiworld.com\/index.php?rest_route=%2Fwp%2Fv2%2Fproduct_cat&post=7555"},{"taxonomy":"product_tag","embeddable":true,"href":"https:\/\/www.intiworld.com\/index.php?rest_route=%2Fwp%2Fv2%2Fproduct_tag&post=7555"}],"curies":[{"name":"wp","href":"https:\/\/api.w.org\/{rel}","templated":true}]}}