{"id":7250,"date":"2024-09-03T23:37:42","date_gmt":"2024-09-03T23:37:42","guid":{"rendered":"https:\/\/www.intiworld.com\/?post_type=product&#038;p=7250"},"modified":"2024-09-17T20:15:48","modified_gmt":"2024-09-17T20:15:48","slug":"obsidiana-dorada","status":"publish","type":"product","link":"https:\/\/www.intiworld.com\/?product=obsidiana-dorada","title":{"rendered":"Obsidiana dorada"},"content":{"rendered":"","protected":false},"excerpt":{"rendered":"<p><strong>Mineral:\u00a0<\/strong>Obsidiana Dorada.<br \/>\n<strong>Composici\u00f3n:\u00a0<\/strong>70\u201375\u00a0% SiO<sub>2<\/sub>, plus MgO, Fe<sub>3<\/sub>O<sub>4.<br \/>\n<\/sub><strong>Grupo:<\/strong>\u00a0roca \u00edgnea\u2014volc\u00e1nica (vidrio volc\u00e1nico).<br \/>\n<strong>Dureza:\u00a0<\/strong>5 \u2013 6 Escala Mhos.<strong><br \/>\nPropiedades Espirituales<\/strong>: La\u00a0<strong>obsidiana<\/strong>\u00a0se considera una potente piedra de crecimiento personal y transformaci\u00f3n. Como piedra negra es usada para la protecci\u00f3n, la limpieza y la purificaci\u00f3n. Est\u00e1 relacionada con el 1\u00ba chakra, con la madre tierra, y representa la integraci\u00f3n de la luz en el mundo terrenal, de manera consciente y din\u00e1mica. Se dice que la\u00a0<strong>obsidiana dorada<\/strong>\u00a0favorece la conexi\u00f3n con el pasado y el futuro, y ayuda a la reconciliaci\u00f3n con el propio ego.<\/p>\n<p><strong>Tipo<\/strong>: Cabuj\u00f3n Ranurado.<br \/>\n<strong>Forma de venta<\/strong>: Por Pieza.<br \/>\n<strong>Forma de entrega<\/strong>: En tienda o Envio por paqueter\u00eda.<\/p>\n<p><strong>Nota<\/strong>: Este art\u00edculo esta elaborado en nuestro taller y las medidas entre las piezas puede variar un poco, para cualquier duda favor de mandar mensaje de whats app o por correo electr\u00f3nico.<\/p>\n","protected":false},"featured_media":7227,"comment_status":"open","ping_status":"closed","template":"","meta":[],"product_brand":[],"product_cat":[254],"product_tag":[255,256],"class_list":{"0":"post-7250","1":"product","2":"type-product","3":"status-publish","4":"has-post-thumbnail","6":"product_cat-cabujones-ranurados-de-piedra","7":"product_tag-cabujon","8":"product_tag-piedra-natural","10":"first","11":"instock","12":"taxable","13":"shipping-taxable","14":"product-type-simple"},"_links":{"self":[{"href":"https:\/\/www.intiworld.com\/index.php?rest_route=\/wp\/v2\/product\/7250","targetHints":{"allow":["GET"]}}],"collection":[{"href":"https:\/\/www.intiworld.com\/index.php?rest_route=\/wp\/v2\/product"}],"about":[{"href":"https:\/\/www.intiworld.com\/index.php?rest_route=\/wp\/v2\/types\/product"}],"replies":[{"embeddable":true,"href":"https:\/\/www.intiworld.com\/index.php?rest_route=%2Fwp%2Fv2%2Fcomments&post=7250"}],"version-history":[{"count":3,"href":"https:\/\/www.intiworld.com\/index.php?rest_route=\/wp\/v2\/product\/7250\/revisions"}],"predecessor-version":[{"id":7684,"href":"https:\/\/www.intiworld.com\/index.php?rest_route=\/wp\/v2\/product\/7250\/revisions\/7684"}],"wp:featuredmedia":[{"embeddable":true,"href":"https:\/\/www.intiworld.com\/index.php?rest_route=\/wp\/v2\/media\/7227"}],"wp:attachment":[{"href":"https:\/\/www.intiworld.com\/index.php?rest_route=%2Fwp%2Fv2%2Fmedia&parent=7250"}],"wp:term":[{"taxonomy":"product_brand","embeddable":true,"href":"https:\/\/www.intiworld.com\/index.php?rest_route=%2Fwp%2Fv2%2Fproduct_brand&post=7250"},{"taxonomy":"product_cat","embeddable":true,"href":"https:\/\/www.intiworld.com\/index.php?rest_route=%2Fwp%2Fv2%2Fproduct_cat&post=7250"},{"taxonomy":"product_tag","embeddable":true,"href":"https:\/\/www.intiworld.com\/index.php?rest_route=%2Fwp%2Fv2%2Fproduct_tag&post=7250"}],"curies":[{"name":"wp","href":"https:\/\/api.w.org\/{rel}","templated":true}]}}

<p><strong>Mineral: </strong>Obsidiana Dorada.<br />
<strong>Composición: </strong>70–75 % SiO<sub>2</sub>, plus MgO, Fe<sub>3</sub>O<sub>4.<br />
</sub><strong>Grupo:</strong> roca ígnea—volcánica (vidrio volcánico).<br />
<strong>Dureza: </strong>5 – 6 Escala Mhos.<strong><br />
Propiedades Espirituales</strong>: La <strong>obsidiana</strong> se considera una potente piedra de crecimiento personal y transformación. Como piedra negra es usada para la protección, la limpieza y la purificación. Está relacionada con el 1º chakra, con la madre tierra, y representa la integración de la luz en el mundo terrenal, de manera consciente y dinámica. Se dice que la <strong>obsidiana dorada</strong> favorece la conexión con el pasado y el futuro, y ayuda a la reconciliación con el propio ego.</p>
<p><strong>Tipo</strong>: Cabujón Ranurado.<br />
<strong>Forma de venta</strong>: Por Pieza.<br />
<strong>Forma de entrega</strong>: En tienda o Envio por paquetería.</p>
<p><strong>Nota</strong>: Este artículo esta elaborado en nuestro taller y las medidas entre las piezas puede variar un poco, para cualquier duda favor de mandar mensaje de whats app o por correo electrónico.</p>
