{"id":6755,"date":"2024-08-19T23:51:16","date_gmt":"2024-08-19T23:51:16","guid":{"rendered":"https:\/\/www.intiworld.com\/?post_type=product&#038;p=6755"},"modified":"2024-09-18T20:22:26","modified_gmt":"2024-09-18T20:22:26","slug":"amatista-en-bruto-tipo-grava","status":"publish","type":"product","link":"https:\/\/www.intiworld.com\/?product=amatista-en-bruto-tipo-grava","title":{"rendered":"Amatista en bruto tipo grava"},"content":{"rendered":"","protected":false},"excerpt":{"rendered":"<p><strong>Mineral:<\/strong>\u00a0Amatista.<br \/>\n<strong>Composici\u00f3n:\u00a0<\/strong>SiO<sub>2<\/sub><strong><br \/>\nGrupo:\u00a0<\/strong>Silicatos \u2013 tectosilicatos<strong><br \/>\nDureza: 7<\/strong>\u00a0Escala Mhos.<strong><br \/>\nPropiedades Espirituales<\/strong>: La\u00a0<strong>amatista<\/strong>\u00a0es conocida como la piedra de la armon\u00eda, la transmutaci\u00f3n y la espiritualidad. Corresponde al 6\u00ba chakra, situado en el entrecejo. Ayuda a calmar la mente y a relajarnos, propiciando de esta manera la conexi\u00f3n con nuestra intuici\u00f3n. Es por este motivo que la\u00a0<strong>amatista<\/strong>\u00a0suele ser un buen complemento para la pr\u00e1ctica de la meditaci\u00f3n, ya sea sosteniendo el mineral entre las manos, coloc\u00e1ndolo encima del entrecejo o coraz\u00f3n, o situando un cristal de amatista enfrente de nosotros.<\/p>\n<p><strong>Tipo<\/strong>: Bruto.<br \/>\n<strong>Tama\u00f1o<\/strong>: 1 cm &#8211; 3 cm.<br \/>\n<strong>Peso<\/strong>: Mixto.<br \/>\n<strong>Forma de venta<\/strong>: Por Kilo o Gramo.<br \/>\n<strong>Forma de entrega<\/strong>: En tienda o Envio por paqueter\u00eda.<\/p>\n<p>Cualquier duda sobre este material favor de mandar whats app o por correo.<\/p>\n","protected":false},"featured_media":6757,"comment_status":"open","ping_status":"closed","template":"","meta":[],"product_brand":[],"product_cat":[227],"product_tag":[230,229],"class_list":{"0":"post-6755","1":"product","2":"type-product","3":"status-publish","4":"has-post-thumbnail","6":"product_cat-piedras-en-bruto-tipo-grava","7":"product_tag-bruto","8":"product_tag-piedra","10":"first","11":"instock","12":"taxable","13":"shipping-taxable","14":"product-type-simple"},"_links":{"self":[{"href":"https:\/\/www.intiworld.com\/index.php?rest_route=\/wp\/v2\/product\/6755","targetHints":{"allow":["GET"]}}],"collection":[{"href":"https:\/\/www.intiworld.com\/index.php?rest_route=\/wp\/v2\/product"}],"about":[{"href":"https:\/\/www.intiworld.com\/index.php?rest_route=\/wp\/v2\/types\/product"}],"replies":[{"embeddable":true,"href":"https:\/\/www.intiworld.com\/index.php?rest_route=%2Fwp%2Fv2%2Fcomments&post=6755"}],"version-history":[{"count":3,"href":"https:\/\/www.intiworld.com\/index.php?rest_route=\/wp\/v2\/product\/6755\/revisions"}],"predecessor-version":[{"id":7762,"href":"https:\/\/www.intiworld.com\/index.php?rest_route=\/wp\/v2\/product\/6755\/revisions\/7762"}],"wp:featuredmedia":[{"embeddable":true,"href":"https:\/\/www.intiworld.com\/index.php?rest_route=\/wp\/v2\/media\/6757"}],"wp:attachment":[{"href":"https:\/\/www.intiworld.com\/index.php?rest_route=%2Fwp%2Fv2%2Fmedia&parent=6755"}],"wp:term":[{"taxonomy":"product_brand","embeddable":true,"href":"https:\/\/www.intiworld.com\/index.php?rest_route=%2Fwp%2Fv2%2Fproduct_brand&post=6755"},{"taxonomy":"product_cat","embeddable":true,"href":"https:\/\/www.intiworld.com\/index.php?rest_route=%2Fwp%2Fv2%2Fproduct_cat&post=6755"},{"taxonomy":"product_tag","embeddable":true,"href":"https:\/\/www.intiworld.com\/index.php?rest_route=%2Fwp%2Fv2%2Fproduct_tag&post=6755"}],"curies":[{"name":"wp","href":"https:\/\/api.w.org\/{rel}","templated":true}]}}

<p><strong>Mineral:</strong> Amatista.<br />
<strong>Composición: </strong>SiO<sub>2</sub><strong><br />
Grupo: </strong>Silicatos – tectosilicatos<strong><br />
Dureza: 7</strong> Escala Mhos.<strong><br />
Propiedades Espirituales</strong>: La <strong>amatista</strong> es conocida como la piedra de la armonía, la transmutación y la espiritualidad. Corresponde al 6º chakra, situado en el entrecejo. Ayuda a calmar la mente y a relajarnos, propiciando de esta manera la conexión con nuestra intuición. Es por este motivo que la <strong>amatista</strong> suele ser un buen complemento para la práctica de la meditación, ya sea sosteniendo el mineral entre las manos, colocándolo encima del entrecejo o corazón, o situando un cristal de amatista enfrente de nosotros.</p>
<p><strong>Tipo</strong>: Bruto.<br />
<strong>Tamaño</strong>: 1 cm &#8211; 3 cm.<br />
<strong>Peso</strong>: Mixto.<br />
<strong>Forma de venta</strong>: Por Kilo o Gramo.<br />
<strong>Forma de entrega</strong>: En tienda o Envio por paquetería.</p>
<p>Cualquier duda sobre este material favor de mandar whats app o por correo.</p>
