{"id":6601,"date":"2024-08-14T20:29:03","date_gmt":"2024-08-14T20:29:03","guid":{"rendered":"https:\/\/www.intiworld.com\/?post_type=product&#038;p=6601"},"modified":"2024-09-18T23:42:52","modified_gmt":"2024-09-18T23:42:52","slug":"howlita-en-bruto-chips-de-30gr-a-50gr","status":"publish","type":"product","link":"https:\/\/www.intiworld.com\/?product=howlita-en-bruto-chips-de-30gr-a-50gr","title":{"rendered":"Howlita en bruto | Chips de 30gr a 50gr"},"content":{"rendered":"","protected":false},"excerpt":{"rendered":"<p><strong>Mineral:<\/strong> Howlita.<br \/>\n<strong>Composici\u00f3n: <\/strong>Ca<sub>2<\/sub>B<sub>5<\/sub>SiO<sub>9<\/sub>(OH)<sub>5.<\/sub><strong><br \/>\nGrupo: <\/strong>Boratos.<strong><br \/>\nDureza: <\/strong>3.5\u00a0Escala Mhos.<strong><br \/>\nPropiedades Espirituales<\/strong>: La howlita\u00a0<b>aporta relajaci\u00f3n, ayuda a calmar la mente, a conciliar el sue\u00f1o y favorece la meditaci\u00f3n<\/b>. Fomenta la paciencia y la buena comunicaci\u00f3n. Fortalece los rasgos positivos del car\u00e1cter. Se dice que la howlita prepara la mente para recibir sabidur\u00eda y comprensiones de vidas pasadas.<\/p>\n<p><strong>Tipo<\/strong>: En bruto.<br \/>\n<strong>Tama\u00f1o<\/strong>: 2.5 cm a 4 cm.<br \/>\n<strong>Peso<\/strong>: 30 gr a 50 gr<br \/>\n<strong>Forma de venta<\/strong>: Por Kilo o Por Gramo.<br \/>\n<strong>Forma de entrega<\/strong>: En tienda o Paqueter\u00eda.<\/p>\n<p>Cualquier duda sobre este material favor de mandar whats app o por correo.<\/p>\n","protected":false},"featured_media":6586,"comment_status":"open","ping_status":"closed","template":"","meta":[],"product_brand":[],"product_cat":[216],"product_tag":[],"class_list":{"0":"post-6601","1":"product","2":"type-product","3":"status-publish","4":"has-post-thumbnail","6":"product_cat-chips-de-piedras-en-bruto","8":"first","9":"instock","10":"taxable","11":"shipping-taxable","12":"product-type-simple"},"_links":{"self":[{"href":"https:\/\/www.intiworld.com\/index.php?rest_route=\/wp\/v2\/product\/6601","targetHints":{"allow":["GET"]}}],"collection":[{"href":"https:\/\/www.intiworld.com\/index.php?rest_route=\/wp\/v2\/product"}],"about":[{"href":"https:\/\/www.intiworld.com\/index.php?rest_route=\/wp\/v2\/types\/product"}],"replies":[{"embeddable":true,"href":"https:\/\/www.intiworld.com\/index.php?rest_route=%2Fwp%2Fv2%2Fcomments&post=6601"}],"version-history":[{"count":4,"href":"https:\/\/www.intiworld.com\/index.php?rest_route=\/wp\/v2\/product\/6601\/revisions"}],"predecessor-version":[{"id":7798,"href":"https:\/\/www.intiworld.com\/index.php?rest_route=\/wp\/v2\/product\/6601\/revisions\/7798"}],"wp:featuredmedia":[{"embeddable":true,"href":"https:\/\/www.intiworld.com\/index.php?rest_route=\/wp\/v2\/media\/6586"}],"wp:attachment":[{"href":"https:\/\/www.intiworld.com\/index.php?rest_route=%2Fwp%2Fv2%2Fmedia&parent=6601"}],"wp:term":[{"taxonomy":"product_brand","embeddable":true,"href":"https:\/\/www.intiworld.com\/index.php?rest_route=%2Fwp%2Fv2%2Fproduct_brand&post=6601"},{"taxonomy":"product_cat","embeddable":true,"href":"https:\/\/www.intiworld.com\/index.php?rest_route=%2Fwp%2Fv2%2Fproduct_cat&post=6601"},{"taxonomy":"product_tag","embeddable":true,"href":"https:\/\/www.intiworld.com\/index.php?rest_route=%2Fwp%2Fv2%2Fproduct_tag&post=6601"}],"curies":[{"name":"wp","href":"https:\/\/api.w.org\/{rel}","templated":true}]}}