{"id":6480,"date":"2024-08-09T23:53:28","date_gmt":"2024-08-09T23:53:28","guid":{"rendered":"https:\/\/www.intiworld.com\/?post_type=product&#038;p=6480"},"modified":"2024-09-19T20:29:51","modified_gmt":"2024-09-19T20:29:51","slug":"calcita-naranja-calidad-b-1-de-1-5cm-a-2cm","status":"publish","type":"product","link":"https:\/\/www.intiworld.com\/?product=calcita-naranja-calidad-b-1-de-1-5cm-a-2cm","title":{"rendered":"Calcita naranja calidad \u00abB\u00bb #1 de 1.5cm a 2cm"},"content":{"rendered":"","protected":false},"excerpt":{"rendered":"<p><strong>Mineral:\u00a0<\/strong>Calcita Naranja.<br \/>\n<strong>Composici\u00f3n: <\/strong>CaCO<sub>3.<\/sub><strong><br \/>\nGrupo:\u00a0<\/strong>Carbonatos.<strong><br \/>\nDureza:\u00a0<\/strong>3 Escala Mhos.<strong><br \/>\nPropiedades Espirituales<\/strong>: La\u00a0<strong>calcita<\/strong>\u00a0se considera un mineral dinamizante y limpiador de las energ\u00edas. Se dice que abre la percepci\u00f3n y la intuici\u00f3n, facilitando la apertura de la conciencia y de las capacidades ps\u00edquicas. Relaja la mente y favorece la confianza en uno mismo. A nivel curativo se dice que fortalece el sistema inmunitario, los huesos y articulaciones, y ayuda a curar las heridas y afecciones de la piel. La\u00a0<strong>calcita<\/strong>\u00a0se presenta en m\u00faltiples colores, cada color suele utilizarse en el chakra que le corresponde.<\/p>\n<p><strong>Tipo<\/strong>: Rolada.<br \/>\n<strong>Calidad:<\/strong>\u00a0B.<br \/>\n<strong>Tama\u00f1o:<\/strong> De 1.5 cm a 2 cm Aproximadamente.<br \/>\n<strong>Forma de venta<\/strong>: Por Kilo o por Gramo.<br \/>\n<strong>Forma de entrega<\/strong>: En tienda o Envio por paqueter\u00eda.<\/p>\n<p>La piedra rolada es amorfa y por ende puede variar el tama\u00f1o, Cualquier duda sobre este material favor de mandar whats app o por correo.<\/p>\n","protected":false},"featured_media":6483,"comment_status":"open","ping_status":"closed","template":"","meta":[],"product_brand":[],"product_cat":[212],"product_tag":[213,215,214],"class_list":{"0":"post-6480","1":"product","2":"type-product","3":"status-publish","4":"has-post-thumbnail","6":"product_cat-piedra-rolada-calidad-b","7":"product_tag-cuarzo-rolado","8":"product_tag-piedra-pulida","9":"product_tag-piedra-rolada","11":"first","12":"instock","13":"taxable","14":"shipping-taxable","15":"product-type-simple"},"_links":{"self":[{"href":"https:\/\/www.intiworld.com\/index.php?rest_route=\/wp\/v2\/product\/6480","targetHints":{"allow":["GET"]}}],"collection":[{"href":"https:\/\/www.intiworld.com\/index.php?rest_route=\/wp\/v2\/product"}],"about":[{"href":"https:\/\/www.intiworld.com\/index.php?rest_route=\/wp\/v2\/types\/product"}],"replies":[{"embeddable":true,"href":"https:\/\/www.intiworld.com\/index.php?rest_route=%2Fwp%2Fv2%2Fcomments&post=6480"}],"version-history":[{"count":3,"href":"https:\/\/www.intiworld.com\/index.php?rest_route=\/wp\/v2\/product\/6480\/revisions"}],"predecessor-version":[{"id":7835,"href":"https:\/\/www.intiworld.com\/index.php?rest_route=\/wp\/v2\/product\/6480\/revisions\/7835"}],"wp:featuredmedia":[{"embeddable":true,"href":"https:\/\/www.intiworld.com\/index.php?rest_route=\/wp\/v2\/media\/6483"}],"wp:attachment":[{"href":"https:\/\/www.intiworld.com\/index.php?rest_route=%2Fwp%2Fv2%2Fmedia&parent=6480"}],"wp:term":[{"taxonomy":"product_brand","embeddable":true,"href":"https:\/\/www.intiworld.com\/index.php?rest_route=%2Fwp%2Fv2%2Fproduct_brand&post=6480"},{"taxonomy":"product_cat","embeddable":true,"href":"https:\/\/www.intiworld.com\/index.php?rest_route=%2Fwp%2Fv2%2Fproduct_cat&post=6480"},{"taxonomy":"product_tag","embeddable":true,"href":"https:\/\/www.intiworld.com\/index.php?rest_route=%2Fwp%2Fv2%2Fproduct_tag&post=6480"}],"curies":[{"name":"wp","href":"https:\/\/api.w.org\/{rel}","templated":true}]}}