{"id":5562,"date":"2024-07-23T19:56:18","date_gmt":"2024-07-23T19:56:18","guid":{"rendered":"https:\/\/www.intiworld.com\/?post_type=product&#038;p=5562"},"modified":"2024-07-23T20:25:08","modified_gmt":"2024-07-23T20:25:08","slug":"tazon-tibetano-7-chacras-set-de-7-pz","status":"publish","type":"product","link":"https:\/\/www.intiworld.com\/?product=tazon-tibetano-7-chacras-set-de-7-pz","title":{"rendered":"Taz\u00f3n tibetano 7 chacras set de 7 pz"},"content":{"rendered":"<p>&nbsp;<\/p>\n<p>&nbsp;<\/p>\n","protected":false},"excerpt":{"rendered":"<p><b>Los cuencos tibetanos son una herramienta antigua que se ha utilizado durante siglos en la cultura tibetana para la meditaci\u00f3n, el equilibrio y la curaci\u00f3n. Estos instrumentos tienen una gran resonancia que se utiliza para crear sonidos vibrantes y arm\u00f3nicos que tienen efectos curativos en el cuerpo y la mente. <\/b><\/p>\n<p><b>Los cuencos tibetanos han sido creados con conciencia e intenci\u00f3n y son utilizados como gu\u00edas en ritos ceremoniales, viajes astrales, el despertar de la conciencia y en la curaci\u00f3n de enfermedades tanto a nivel f\u00edsico, ps\u00edquico, mental, emocional y espiritualmente.<\/b><\/p>\n<ul>\n<li><strong>Contenido<\/strong>: 7 Pz.<\/li>\n<li><strong>Medidas<\/strong>: Los 7 tazones miden 5.5 cm x 11 cm.<\/li>\n<li><strong>Peso<\/strong>: 3.516 kg (<strong>Taz\u00f3n 1<\/strong>: .504 kg, <strong>Taz\u00f3n 2<\/strong>: .500 kg, <strong>Taz\u00f3n 3<\/strong>: .496 kg, <strong>Taz\u00f3n 4<\/strong>: .538 kg, <strong>Taz\u00f3n 5<\/strong>: .480 kg, <strong>Taz\u00f3n 6<\/strong>: .516 kg, <strong>Taz\u00f3n 7<\/strong>: .482 kg.).<\/li>\n<li><strong>Color<\/strong>:<strong> 7<\/strong> chacras<\/li>\n<\/ul>\n","protected":false},"featured_media":5563,"comment_status":"open","ping_status":"closed","template":"","meta":[],"product_brand":[],"product_cat":[192,199],"product_tag":[202,201,200],"class_list":{"0":"post-5562","1":"product","2":"type-product","3":"status-publish","4":"has-post-thumbnail","6":"product_cat-productos-de-la-india","7":"product_cat-tazones-tibetanos","8":"product_tag-cuenco-tibetano","9":"product_tag-tazon-para-sonido","10":"product_tag-tazon-tibetano","12":"first","13":"instock","14":"product-type-simple"},"_links":{"self":[{"href":"https:\/\/www.intiworld.com\/index.php?rest_route=\/wp\/v2\/product\/5562","targetHints":{"allow":["GET"]}}],"collection":[{"href":"https:\/\/www.intiworld.com\/index.php?rest_route=\/wp\/v2\/product"}],"about":[{"href":"https:\/\/www.intiworld.com\/index.php?rest_route=\/wp\/v2\/types\/product"}],"replies":[{"embeddable":true,"href":"https:\/\/www.intiworld.com\/index.php?rest_route=%2Fwp%2Fv2%2Fcomments&post=5562"}],"version-history":[{"count":1,"href":"https:\/\/www.intiworld.com\/index.php?rest_route=\/wp\/v2\/product\/5562\/revisions"}],"predecessor-version":[{"id":5589,"href":"https:\/\/www.intiworld.com\/index.php?rest_route=\/wp\/v2\/product\/5562\/revisions\/5589"}],"wp:featuredmedia":[{"embeddable":true,"href":"https:\/\/www.intiworld.com\/index.php?rest_route=\/wp\/v2\/media\/5563"}],"wp:attachment":[{"href":"https:\/\/www.intiworld.com\/index.php?rest_route=%2Fwp%2Fv2%2Fmedia&parent=5562"}],"wp:term":[{"taxonomy":"product_brand","embeddable":true,"href":"https:\/\/www.intiworld.com\/index.php?rest_route=%2Fwp%2Fv2%2Fproduct_brand&post=5562"},{"taxonomy":"product_cat","embeddable":true,"href":"https:\/\/www.intiworld.com\/index.php?rest_route=%2Fwp%2Fv2%2Fproduct_cat&post=5562"},{"taxonomy":"product_tag","embeddable":true,"href":"https:\/\/www.intiworld.com\/index.php?rest_route=%2Fwp%2Fv2%2Fproduct_tag&post=5562"}],"curies":[{"name":"wp","href":"https:\/\/api.w.org\/{rel}","templated":true}]}}