{"id":223,"date":"2022-10-15T17:49:36","date_gmt":"2022-10-15T17:49:36","guid":{"rendered":"https:\/\/intiworld.com\/?post_type=product&#038;p=223"},"modified":"2022-12-24T20:47:14","modified_gmt":"2022-12-24T20:47:14","slug":"obsidiana-cafe","status":"publish","type":"product","link":"https:\/\/www.intiworld.com\/?product=obsidiana-cafe","title":{"rendered":"Obsidiana Marr\u00f3n"},"content":{"rendered":"","protected":false},"excerpt":{"rendered":"<p>La obsidiana marr\u00f3n, tambi\u00e9n llamada \u00abObsidiana caf\u00e9\u00bb u \u00abObsidiana caoba\u00bb es una roca \u00edgnea de origen volc\u00e1nico, ya que se forma a partir del enfriamiento acelerado de lava con altas cantidades de \u00e1cido sil\u00edcico. Esto provoca que los minerales no tengan oportunidad de cristalizar, creando as\u00ed la obsidiana. La obsidiana marr\u00f3n adquiere esas caracter\u00edsticas tonalidades marrones debido a la presencia de \u00f3xidos de hierro en su composici\u00f3n.<br \/>\nPosee una dureza de 5 a 6 en la escala de Mohs, lo cual la hace una piedra resistente.<\/p>\n<p>Por el lado esot\u00e9rico, se cree que la obsidiana promueve el crecimiento personal, la autocr\u00edtica y la fuerza interior. Se cree que la obsidiana marr\u00f3n tiene una energ\u00eda m\u00e1s delicada que la negra. Ayuda a tener equilibrio energ\u00e9tico y a conectar con la tierra.<\/p>\n<p>M\u00e1s de esta categor\u00eda: <span style=\"font-weight: 300;\">Obsidiana Arco Iris, Obsidiana Manto Huichol, Calcita Azul, Calcita \u00d3ptica, Amatista, \u00c1gata, geodas de Zacatecas, Mini geodas, Jaspe Picasso, Jaspe madera, Rosa del Desierto, selenita, \u00c1gata de fuego, \u00f3palo, Jaspe Imperial, etc.<\/span><\/p>\n","protected":false},"featured_media":225,"comment_status":"open","ping_status":"closed","template":"","meta":[],"product_brand":[],"product_cat":[15],"product_tag":[],"class_list":{"0":"post-223","1":"product","2":"type-product","3":"status-publish","4":"has-post-thumbnail","6":"product_cat-articulo","8":"first","9":"instock","10":"featured","11":"virtual","12":"taxable","13":"product-type-simple"},"_links":{"self":[{"href":"https:\/\/www.intiworld.com\/index.php?rest_route=\/wp\/v2\/product\/223","targetHints":{"allow":["GET"]}}],"collection":[{"href":"https:\/\/www.intiworld.com\/index.php?rest_route=\/wp\/v2\/product"}],"about":[{"href":"https:\/\/www.intiworld.com\/index.php?rest_route=\/wp\/v2\/types\/product"}],"replies":[{"embeddable":true,"href":"https:\/\/www.intiworld.com\/index.php?rest_route=%2Fwp%2Fv2%2Fcomments&post=223"}],"version-history":[{"count":1,"href":"https:\/\/www.intiworld.com\/index.php?rest_route=\/wp\/v2\/product\/223\/revisions"}],"predecessor-version":[{"id":1498,"href":"https:\/\/www.intiworld.com\/index.php?rest_route=\/wp\/v2\/product\/223\/revisions\/1498"}],"wp:featuredmedia":[{"embeddable":true,"href":"https:\/\/www.intiworld.com\/index.php?rest_route=\/wp\/v2\/media\/225"}],"wp:attachment":[{"href":"https:\/\/www.intiworld.com\/index.php?rest_route=%2Fwp%2Fv2%2Fmedia&parent=223"}],"wp:term":[{"taxonomy":"product_brand","embeddable":true,"href":"https:\/\/www.intiworld.com\/index.php?rest_route=%2Fwp%2Fv2%2Fproduct_brand&post=223"},{"taxonomy":"product_cat","embeddable":true,"href":"https:\/\/www.intiworld.com\/index.php?rest_route=%2Fwp%2Fv2%2Fproduct_cat&post=223"},{"taxonomy":"product_tag","embeddable":true,"href":"https:\/\/www.intiworld.com\/index.php?rest_route=%2Fwp%2Fv2%2Fproduct_tag&post=223"}],"curies":[{"name":"wp","href":"https:\/\/api.w.org\/{rel}","templated":true}]}}