{"id":16302,"date":"2025-09-12T23:45:22","date_gmt":"2025-09-12T23:45:22","guid":{"rendered":"https:\/\/www.intiworld.com\/?post_type=product&#038;p=16302"},"modified":"2025-09-12T23:48:22","modified_gmt":"2025-09-12T23:48:22","slug":"catedral-de-amatista-modelo-7","status":"publish","type":"product","link":"https:\/\/www.intiworld.com\/?product=catedral-de-amatista-modelo-7","title":{"rendered":"Catedral de amatista | Modelo 7"},"content":{"rendered":"","protected":false},"excerpt":{"rendered":"<p><strong>Mineral:<\/strong>\u00a0Amatista.<br \/>\n<strong>Composici\u00f3n:\u00a0<\/strong>SiO<sub>2<\/sub><strong><br \/>\nGrupo:\u00a0<\/strong>Silicatos \u2013 tectosilicatos<strong><br \/>\nDureza: 7<\/strong>\u00a0Escala Mhos.<strong><br \/>\nPropiedades Espirituales<\/strong>: La\u00a0<strong>amatista<\/strong>\u00a0es conocida como la piedra de la armon\u00eda, la transmutaci\u00f3n y la espiritualidad. Corresponde al 6\u00ba chakra, situado en el entrecejo. Ayuda a calmar la mente y a relajarnos, propiciando de esta manera la conexi\u00f3n con nuestra intuici\u00f3n. Es por este motivo que la\u00a0<strong>amatista<\/strong>\u00a0suele ser un buen complemento para la pr\u00e1ctica de la meditaci\u00f3n, ya sea sosteniendo el mineral entre las manos, coloc\u00e1ndolo encima del entrecejo o coraz\u00f3n, o situando un cristal de amatista enfrente de nosotros.<\/p>\n<p><strong>Forma<\/strong>: Mini geoda.<br \/>\n<strong>Peso<\/strong>:\u00a0 5.35 Kg<br \/>\n<strong>Forma de venta<\/strong>: Por Kilo o por Gramo.<br \/>\n<strong>Forma de entrega<\/strong>: En tienda o Env\u00edo por paqueter\u00eda.<\/p>\n<p>Cualquier duda sobre este material favor de mandar whats app o por correo.<\/p>\n","protected":false},"featured_media":16303,"comment_status":"open","ping_status":"closed","template":"","meta":[],"product_brand":[],"product_cat":[518],"product_tag":[226],"class_list":{"0":"post-16302","1":"product","2":"type-product","3":"status-publish","4":"has-post-thumbnail","6":"product_cat-catedrales-de-amatista-2-a-6-kg","7":"product_tag-amatista","9":"first","10":"instock","11":"taxable","12":"shipping-taxable","13":"product-type-simple"},"_links":{"self":[{"href":"https:\/\/www.intiworld.com\/index.php?rest_route=\/wp\/v2\/product\/16302","targetHints":{"allow":["GET"]}}],"collection":[{"href":"https:\/\/www.intiworld.com\/index.php?rest_route=\/wp\/v2\/product"}],"about":[{"href":"https:\/\/www.intiworld.com\/index.php?rest_route=\/wp\/v2\/types\/product"}],"replies":[{"embeddable":true,"href":"https:\/\/www.intiworld.com\/index.php?rest_route=%2Fwp%2Fv2%2Fcomments&post=16302"}],"version-history":[{"count":1,"href":"https:\/\/www.intiworld.com\/index.php?rest_route=\/wp\/v2\/product\/16302\/revisions"}],"predecessor-version":[{"id":16309,"href":"https:\/\/www.intiworld.com\/index.php?rest_route=\/wp\/v2\/product\/16302\/revisions\/16309"}],"wp:featuredmedia":[{"embeddable":true,"href":"https:\/\/www.intiworld.com\/index.php?rest_route=\/wp\/v2\/media\/16303"}],"wp:attachment":[{"href":"https:\/\/www.intiworld.com\/index.php?rest_route=%2Fwp%2Fv2%2Fmedia&parent=16302"}],"wp:term":[{"taxonomy":"product_brand","embeddable":true,"href":"https:\/\/www.intiworld.com\/index.php?rest_route=%2Fwp%2Fv2%2Fproduct_brand&post=16302"},{"taxonomy":"product_cat","embeddable":true,"href":"https:\/\/www.intiworld.com\/index.php?rest_route=%2Fwp%2Fv2%2Fproduct_cat&post=16302"},{"taxonomy":"product_tag","embeddable":true,"href":"https:\/\/www.intiworld.com\/index.php?rest_route=%2Fwp%2Fv2%2Fproduct_tag&post=16302"}],"curies":[{"name":"wp","href":"https:\/\/api.w.org\/{rel}","templated":true}]}}