{"id":14795,"date":"2025-03-26T23:43:59","date_gmt":"2025-03-26T23:43:59","guid":{"rendered":"https:\/\/www.intiworld.com\/?post_type=product&#038;p=14795"},"modified":"2025-03-26T23:44:40","modified_gmt":"2025-03-26T23:44:40","slug":"dije-de-piedra-sodalita-en-forma-punta-facetada-mini","status":"publish","type":"product","link":"https:\/\/www.intiworld.com\/?product=dije-de-piedra-sodalita-en-forma-punta-facetada-mini","title":{"rendered":"Dije de piedra sodalita en forma punta facetada mini"},"content":{"rendered":"","protected":false},"excerpt":{"rendered":"<p><strong>Mineral:\u00a0<\/strong>Sodalita.<br \/>\n<strong>Composici\u00f3n:\u00a0<\/strong>Na<sub>4<\/sub>Al<sub>3<\/sub>Si<sub>3<\/sub>O<sub>12<\/sub>Cl.<sub><br \/>\n<\/sub><strong>Grupo:\u00a0<\/strong>Silicatos \u2013 tectosilicatos.<br \/>\n<strong>Dureza:\u00a0<\/strong>5.5 \u2013 6 Escala Mhos.<strong><br \/>\nPropiedades Espirituales<\/strong>: La\u00a0<strong>sodalita<\/strong>\u00a0aporta claridad mental y ayuda a la comprensi\u00f3n y liberaci\u00f3n de antiguos patrones mentales. Potencia el autoestima y la confianza en uno mismo. Est\u00e1 indicada para tratar la zona de la garganta, para potenciar el sistema inmunol\u00f3gico y tambi\u00e9n para limpiar la poluci\u00f3n electromagn\u00e9tica.<\/p>\n<p><strong>Tipo<\/strong>: Dije en Forma de Punta Facetada Mini.<br \/>\n<strong>Tama\u00f1o<\/strong>: .9cm de ancho x 2.2 cm de alto + 1cm de colgante de metal.<br \/>\n<strong>Forma de venta<\/strong>: Por Pieza.<br \/>\n<strong>Forma de entrega<\/strong>: En tienda o Envio por paqueter\u00eda.<\/p>\n<p><strong>Nota<\/strong>: Para cualquier duda sobre este material favor de mandar mensaje de whats app o por correo electr\u00f3nico.<\/p>\n","protected":false},"featured_media":14773,"comment_status":"open","ping_status":"closed","template":"","meta":[],"product_brand":[],"product_cat":[488],"product_tag":[306,256],"class_list":{"0":"post-14795","1":"product","2":"type-product","3":"status-publish","4":"has-post-thumbnail","6":"product_cat-dije-de-piedra-en-forma-de-punta-facetada-mini","7":"product_tag-dije","8":"product_tag-piedra-natural","10":"first","11":"instock","12":"taxable","13":"shipping-taxable","14":"product-type-simple"},"_links":{"self":[{"href":"https:\/\/www.intiworld.com\/index.php?rest_route=\/wp\/v2\/product\/14795","targetHints":{"allow":["GET"]}}],"collection":[{"href":"https:\/\/www.intiworld.com\/index.php?rest_route=\/wp\/v2\/product"}],"about":[{"href":"https:\/\/www.intiworld.com\/index.php?rest_route=\/wp\/v2\/types\/product"}],"replies":[{"embeddable":true,"href":"https:\/\/www.intiworld.com\/index.php?rest_route=%2Fwp%2Fv2%2Fcomments&post=14795"}],"version-history":[{"count":1,"href":"https:\/\/www.intiworld.com\/index.php?rest_route=\/wp\/v2\/product\/14795\/revisions"}],"predecessor-version":[{"id":14796,"href":"https:\/\/www.intiworld.com\/index.php?rest_route=\/wp\/v2\/product\/14795\/revisions\/14796"}],"wp:featuredmedia":[{"embeddable":true,"href":"https:\/\/www.intiworld.com\/index.php?rest_route=\/wp\/v2\/media\/14773"}],"wp:attachment":[{"href":"https:\/\/www.intiworld.com\/index.php?rest_route=%2Fwp%2Fv2%2Fmedia&parent=14795"}],"wp:term":[{"taxonomy":"product_brand","embeddable":true,"href":"https:\/\/www.intiworld.com\/index.php?rest_route=%2Fwp%2Fv2%2Fproduct_brand&post=14795"},{"taxonomy":"product_cat","embeddable":true,"href":"https:\/\/www.intiworld.com\/index.php?rest_route=%2Fwp%2Fv2%2Fproduct_cat&post=14795"},{"taxonomy":"product_tag","embeddable":true,"href":"https:\/\/www.intiworld.com\/index.php?rest_route=%2Fwp%2Fv2%2Fproduct_tag&post=14795"}],"curies":[{"name":"wp","href":"https:\/\/api.w.org\/{rel}","templated":true}]}}

<p><strong>Mineral: </strong>Sodalita.<br />
<strong>Composición: </strong>Na<sub>4</sub>Al<sub>3</sub>Si<sub>3</sub>O<sub>12</sub>Cl.<sub><br />
</sub><strong>Grupo: </strong>Silicatos – tectosilicatos.<br />
<strong>Dureza: </strong>5.5 – 6 Escala Mhos.<strong><br />
Propiedades Espirituales</strong>: La <strong>sodalita</strong> aporta claridad mental y ayuda a la comprensión y liberación de antiguos patrones mentales. Potencia el autoestima y la confianza en uno mismo. Está indicada para tratar la zona de la garganta, para potenciar el sistema inmunológico y también para limpiar la polución electromagnética.</p>
<p><strong>Tipo</strong>: Dije en Forma de Punta Facetada Mini.<br />
<strong>Tamaño</strong>: .9cm de ancho x 2.2 cm de alto + 1cm de colgante de metal.<br />
<strong>Forma de venta</strong>: Por Pieza.<br />
<strong>Forma de entrega</strong>: En tienda o Envio por paquetería.</p>
<p><strong>Nota</strong>: Para cualquier duda sobre este material favor de mandar mensaje de whats app o por correo electrónico.</p>
