{"id":14052,"date":"2025-03-10T18:46:59","date_gmt":"2025-03-10T18:46:59","guid":{"rendered":"https:\/\/www.intiworld.com\/?post_type=product&#038;p=14052"},"modified":"2025-03-10T18:50:03","modified_gmt":"2025-03-10T18:50:03","slug":"dije-de-corazon-chico-de-jaspe-dalmata","status":"publish","type":"product","link":"https:\/\/www.intiworld.com\/?product=dije-de-corazon-chico-de-jaspe-dalmata","title":{"rendered":"Dije de coraz\u00f3n chico de jaspe dalmata"},"content":{"rendered":"","protected":false},"excerpt":{"rendered":"<p><strong>Mineral:<\/strong> Jaspe Dalmata.<br \/>\n<strong>Composici\u00f3n:\u00a0<\/strong>SiO<sub>2<\/sub><strong><br \/>\nGrupo:\u00a0<\/strong>Silicatos \u2013 tectosilicatos<strong><br \/>\nDureza: <\/strong>7\u00a0Escala Mhos.<strong><br \/>\nPropiedades Espirituales<\/strong>: Los\u00a0<strong>jaspes<\/strong>\u00a0son piedras indicadas para energizar el cuerpo y aportarle vitalidad. Tambi\u00e9n se asocian a la limpieza ambiental, a la protecci\u00f3n y al enraizamiento. Suelen ser indicados para desarrollar y llevar a t\u00e9rmino ideas y proyectos. En funci\u00f3n de los colores que tenga el\u00a0<strong>jaspe<\/strong>, este puede tener adem\u00e1s propiedades espec\u00edficas. El\u00a0<strong>jaspe dalmanita<\/strong>\u00a0representa el equilibrio entre dualidades, entre el yin y el yan, entre la luz y la oscuridad, entre el cielo y la tierra.<\/p>\n<p><strong>Tama\u00f1o<\/strong>: 1.8cm de largo + 1cm de colgante de metal x 2cm de ancho.<br \/>\n<strong>Forma de venta<\/strong>: Por Pieza.<br \/>\n<strong>Forma de entrega<\/strong>: En tienda o Envio por paqueter\u00eda.<\/p>\n<p><strong>Nota<\/strong>: Para cualquier duda sobre este material favor de mandar mensaje de whats app o por correo electr\u00f3nico.<\/p>\n","protected":false},"featured_media":14005,"comment_status":"open","ping_status":"closed","template":"","meta":[],"product_brand":[],"product_cat":[473],"product_tag":[306,256],"class_list":{"0":"post-14052","1":"product","2":"type-product","3":"status-publish","4":"has-post-thumbnail","6":"product_cat-dije-de-corazon-chico-1-8cm-x-2cm","7":"product_tag-dije","8":"product_tag-piedra-natural","10":"first","11":"instock","12":"taxable","13":"shipping-taxable","14":"product-type-simple"},"_links":{"self":[{"href":"https:\/\/www.intiworld.com\/index.php?rest_route=\/wp\/v2\/product\/14052","targetHints":{"allow":["GET"]}}],"collection":[{"href":"https:\/\/www.intiworld.com\/index.php?rest_route=\/wp\/v2\/product"}],"about":[{"href":"https:\/\/www.intiworld.com\/index.php?rest_route=\/wp\/v2\/types\/product"}],"replies":[{"embeddable":true,"href":"https:\/\/www.intiworld.com\/index.php?rest_route=%2Fwp%2Fv2%2Fcomments&post=14052"}],"version-history":[{"count":1,"href":"https:\/\/www.intiworld.com\/index.php?rest_route=\/wp\/v2\/product\/14052\/revisions"}],"predecessor-version":[{"id":14053,"href":"https:\/\/www.intiworld.com\/index.php?rest_route=\/wp\/v2\/product\/14052\/revisions\/14053"}],"wp:featuredmedia":[{"embeddable":true,"href":"https:\/\/www.intiworld.com\/index.php?rest_route=\/wp\/v2\/media\/14005"}],"wp:attachment":[{"href":"https:\/\/www.intiworld.com\/index.php?rest_route=%2Fwp%2Fv2%2Fmedia&parent=14052"}],"wp:term":[{"taxonomy":"product_brand","embeddable":true,"href":"https:\/\/www.intiworld.com\/index.php?rest_route=%2Fwp%2Fv2%2Fproduct_brand&post=14052"},{"taxonomy":"product_cat","embeddable":true,"href":"https:\/\/www.intiworld.com\/index.php?rest_route=%2Fwp%2Fv2%2Fproduct_cat&post=14052"},{"taxonomy":"product_tag","embeddable":true,"href":"https:\/\/www.intiworld.com\/index.php?rest_route=%2Fwp%2Fv2%2Fproduct_tag&post=14052"}],"curies":[{"name":"wp","href":"https:\/\/api.w.org\/{rel}","templated":true}]}}

Dije de corazón chico de jaspe dalmata

<p><strong>Mineral:</strong> Jaspe Dalmata.<br />
<strong>Composición: </strong>SiO<sub>2</sub><strong><br />
Grupo: </strong>Silicatos – tectosilicatos<strong><br />
Dureza: </strong>7 Escala Mhos.<strong><br />
Propiedades Espirituales</strong>: Los <strong>jaspes</strong> son piedras indicadas para energizar el cuerpo y aportarle vitalidad. También se asocian a la limpieza ambiental, a la protección y al enraizamiento. Suelen ser indicados para desarrollar y llevar a término ideas y proyectos. En función de los colores que tenga el <strong>jaspe</strong>, este puede tener además propiedades específicas. El <strong>jaspe dalmanita</strong> representa el equilibrio entre dualidades, entre el yin y el yan, entre la luz y la oscuridad, entre el cielo y la tierra.</p>
<p><strong>Tamaño</strong>: 1.8cm de largo + 1cm de colgante de metal x 2cm de ancho.<br />
<strong>Forma de venta</strong>: Por Pieza.<br />
<strong>Forma de entrega</strong>: En tienda o Envio por paquetería.</p>
<p><strong>Nota</strong>: Para cualquier duda sobre este material favor de mandar mensaje de whats app o por correo electrónico.</p>
