{"id":14048,"date":"2025-03-10T18:40:37","date_gmt":"2025-03-10T18:40:37","guid":{"rendered":"https:\/\/www.intiworld.com\/?post_type=product&#038;p=14048"},"modified":"2025-03-10T18:44:34","modified_gmt":"2025-03-10T18:44:34","slug":"dije-de-corazon-chico-de-piedra-rodocrosita","status":"publish","type":"product","link":"https:\/\/www.intiworld.com\/?product=dije-de-corazon-chico-de-piedra-rodocrosita","title":{"rendered":"Dije de coraz\u00f3n chico de piedra rodocrosita"},"content":{"rendered":"","protected":false},"excerpt":{"rendered":"<p><strong>Mineral:<\/strong>\u00a0Rodocrosita.<br \/>\n<strong>Composici\u00f3n:\u00a0<\/strong>MnCO<sub>3<\/sub>.<sub><br \/>\n<\/sub><strong>Grupo:<\/strong>\u00a0Carbonatos.<br \/>\n<strong>Dureza:\u00a0<\/strong>3.5 \u2013 4 Escala Mhos.<strong><br \/>\nPropiedades Espirituales<\/strong>: La\u00a0<strong>rodocrosita<\/strong>\u00a0estimula y equilibra la zona del coraz\u00f3n, procurando la comprensi\u00f3n, la autoestima y el coraje. Es una piedra que ayuda a armonizar el mundo interior a trav\u00e9s de la liberaci\u00f3n emocional. La\u00a0<strong>rodocrosita<\/strong>\u00a0representa el amor desinteresado y la compasi\u00f3n.<\/p>\n<p><strong>Tama\u00f1o<\/strong>: 1.8cm de largo + 1cm de colgante de metal x 2cm de ancho.<br \/>\n<strong>Forma de venta<\/strong>: Por Pieza.<br \/>\n<strong>Forma de entrega<\/strong>: En tienda o Envio por paqueter\u00eda.<\/p>\n<p><strong>Nota<\/strong>: Para cualquier duda sobre este material favor de mandar mensaje de whats app o por correo electr\u00f3nico.<\/p>\n","protected":false},"featured_media":14020,"comment_status":"open","ping_status":"closed","template":"","meta":[],"product_brand":[],"product_cat":[473],"product_tag":[306,256],"class_list":{"0":"post-14048","1":"product","2":"type-product","3":"status-publish","4":"has-post-thumbnail","6":"product_cat-dije-de-corazon-chico-1-8cm-x-2cm","7":"product_tag-dije","8":"product_tag-piedra-natural","10":"first","11":"instock","12":"taxable","13":"shipping-taxable","14":"product-type-simple"},"_links":{"self":[{"href":"https:\/\/www.intiworld.com\/index.php?rest_route=\/wp\/v2\/product\/14048","targetHints":{"allow":["GET"]}}],"collection":[{"href":"https:\/\/www.intiworld.com\/index.php?rest_route=\/wp\/v2\/product"}],"about":[{"href":"https:\/\/www.intiworld.com\/index.php?rest_route=\/wp\/v2\/types\/product"}],"replies":[{"embeddable":true,"href":"https:\/\/www.intiworld.com\/index.php?rest_route=%2Fwp%2Fv2%2Fcomments&post=14048"}],"version-history":[{"count":1,"href":"https:\/\/www.intiworld.com\/index.php?rest_route=\/wp\/v2\/product\/14048\/revisions"}],"predecessor-version":[{"id":14049,"href":"https:\/\/www.intiworld.com\/index.php?rest_route=\/wp\/v2\/product\/14048\/revisions\/14049"}],"wp:featuredmedia":[{"embeddable":true,"href":"https:\/\/www.intiworld.com\/index.php?rest_route=\/wp\/v2\/media\/14020"}],"wp:attachment":[{"href":"https:\/\/www.intiworld.com\/index.php?rest_route=%2Fwp%2Fv2%2Fmedia&parent=14048"}],"wp:term":[{"taxonomy":"product_brand","embeddable":true,"href":"https:\/\/www.intiworld.com\/index.php?rest_route=%2Fwp%2Fv2%2Fproduct_brand&post=14048"},{"taxonomy":"product_cat","embeddable":true,"href":"https:\/\/www.intiworld.com\/index.php?rest_route=%2Fwp%2Fv2%2Fproduct_cat&post=14048"},{"taxonomy":"product_tag","embeddable":true,"href":"https:\/\/www.intiworld.com\/index.php?rest_route=%2Fwp%2Fv2%2Fproduct_tag&post=14048"}],"curies":[{"name":"wp","href":"https:\/\/api.w.org\/{rel}","templated":true}]}}