{"id":13854,"date":"2025-02-17T22:39:17","date_gmt":"2025-02-17T22:39:17","guid":{"rendered":"https:\/\/www.intiworld.com\/?post_type=product&#038;p=13854"},"modified":"2025-02-17T22:41:19","modified_gmt":"2025-02-17T22:41:19","slug":"aretes-de-ambar-con-dije-de-oro-laminado","status":"publish","type":"product","link":"https:\/\/www.intiworld.com\/?product=aretes-de-ambar-con-dije-de-oro-laminado","title":{"rendered":"Aretes de \u00e1mbar con dije de oro laminado"},"content":{"rendered":"","protected":false},"excerpt":{"rendered":"<div class=\"elementor elementor-129 elementor-location-single post-8218 product type-product status-publish has-post-thumbnail product_cat-tiras-de-piedra-amorfa first instock taxable shipping-taxable product-type-simple product\" data-elementor-type=\"product\" data-elementor-id=\"129\" data-elementor-post-type=\"elementor_library\">\n<section class=\"elementor-section elementor-top-section elementor-element elementor-element-4c9a5a07 elementor-section-boxed elementor-section-height-default elementor-section-height-default\" data-id=\"4c9a5a07\" data-element_type=\"section\">\n<div class=\"elementor-container elementor-column-gap-default\">\n<div class=\"elementor-column elementor-col-50 elementor-top-column elementor-element elementor-element-33ea650d\" data-id=\"33ea650d\" data-element_type=\"column\">\n<div class=\"elementor-widget-wrap elementor-element-populated\">\n<div class=\"elementor-element elementor-element-38f5b418 elementor-widget elementor-widget-woocommerce-product-short-description\" data-id=\"38f5b418\" data-element_type=\"widget\" data-widget_type=\"woocommerce-product-short-description.default\">\n<div class=\"elementor-widget-container\">\n<div class=\"woocommerce-product-details__short-description\">\n<p><strong>Mineral:\u00a0<\/strong>\u00c1mbar.<br \/>\n<strong>Composici\u00f3n:\u00a0<\/strong>Hidrocarburo (C,H,O)<strong><br \/>\nGrupo:\u00a0<\/strong>Org\u00e1nicos \u2013 hidrocarburos<strong><br \/>\nDureza:\u00a0<\/strong>2 \u2013 2.5 Escala Mhos.<strong><br \/>\nPropiedades Espirituales<\/strong>: El \u00e1mbar ha sido valorado por muchas culturas a lo largo de la historia por su belleza y supuestas propiedades curativas y espirituales. En t\u00e9rminos espirituales, el \u00e1mbar se asocia con la luz solar y se cree que posee una energ\u00eda c\u00e1lida y reconfortante que puede ayudar a aliviar la ansiedad y el estr\u00e9s. Se cree que el \u00e1mbar tiene la capacidad de absorber energ\u00eda negativa y transformarla en energ\u00eda positiva, lo que lo convierte en una piedra popular en la meditaci\u00f3n y la curaci\u00f3n energ\u00e9tica. Tambi\u00e9n se dice que promueve la claridad mental y ayuda a aumentar la confianza en uno mismo. Adem\u00e1s, el \u00e1mbar se ha utilizado durante siglos como amuleto de protecci\u00f3n y se cree que tiene la capacidad de proteger al portador de la negatividad y el mal. Se dice que ayuda a fortalecer los lazos familiares y atraer la buena suerte y la prosperidad.<\/p>\n<p><strong>Tipo<\/strong>: Aretes.<br \/>\n<strong>Material<\/strong>: Oro laminado.<br \/>\n<strong>Forma de venta<\/strong>: Por Pieza.<br \/>\n<strong>Forma de entrega<\/strong>: En tienda o Envio por paqueter\u00eda.<\/p>\n<p><strong>Nota<\/strong>: Cualquier duda sobre este articulo favor de mandar mensaje de whats app o mandar correo electr\u00f3nico.<\/p>\n<\/div>\n<\/div>\n<\/div>\n<\/div>\n<\/div>\n<\/div>\n<\/section>\n<\/div>\n","protected":false},"featured_media":13834,"comment_status":"open","ping_status":"closed","template":"","meta":[],"product_brand":[],"product_cat":[467],"product_tag":[464,229],"class_list":{"0":"post-13854","1":"product","2":"type-product","3":"status-publish","4":"has-post-thumbnail","6":"product_cat-aretes-de-piedra-natural-con-capuchon-dorado","7":"product_tag-aretes","8":"product_tag-piedra","10":"first","11":"instock","12":"taxable","13":"shipping-taxable","14":"product-type-simple"},"_links":{"self":[{"href":"https:\/\/www.intiworld.com\/index.php?rest_route=\/wp\/v2\/product\/13854","targetHints":{"allow":["GET"]}}],"collection":[{"href":"https:\/\/www.intiworld.com\/index.php?rest_route=\/wp\/v2\/product"}],"about":[{"href":"https:\/\/www.intiworld.com\/index.php?rest_route=\/wp\/v2\/types\/product"}],"replies":[{"embeddable":true,"href":"https:\/\/www.intiworld.com\/index.php?rest_route=%2Fwp%2Fv2%2Fcomments&post=13854"}],"version-history":[{"count":1,"href":"https:\/\/www.intiworld.com\/index.php?rest_route=\/wp\/v2\/product\/13854\/revisions"}],"predecessor-version":[{"id":13855,"href":"https:\/\/www.intiworld.com\/index.php?rest_route=\/wp\/v2\/product\/13854\/revisions\/13855"}],"wp:featuredmedia":[{"embeddable":true,"href":"https:\/\/www.intiworld.com\/index.php?rest_route=\/wp\/v2\/media\/13834"}],"wp:attachment":[{"href":"https:\/\/www.intiworld.com\/index.php?rest_route=%2Fwp%2Fv2%2Fmedia&parent=13854"}],"wp:term":[{"taxonomy":"product_brand","embeddable":true,"href":"https:\/\/www.intiworld.com\/index.php?rest_route=%2Fwp%2Fv2%2Fproduct_brand&post=13854"},{"taxonomy":"product_cat","embeddable":true,"href":"https:\/\/www.intiworld.com\/index.php?rest_route=%2Fwp%2Fv2%2Fproduct_cat&post=13854"},{"taxonomy":"product_tag","embeddable":true,"href":"https:\/\/www.intiworld.com\/index.php?rest_route=%2Fwp%2Fv2%2Fproduct_tag&post=13854"}],"curies":[{"name":"wp","href":"https:\/\/api.w.org\/{rel}","templated":true}]}}