{"id":13081,"date":"2025-01-30T22:23:39","date_gmt":"2025-01-30T22:23:39","guid":{"rendered":"https:\/\/www.intiworld.com\/?post_type=product&#038;p=13081"},"modified":"2025-01-30T22:24:51","modified_gmt":"2025-01-30T22:24:51","slug":"huevo-de-piedra-jaspe-rojo","status":"publish","type":"product","link":"https:\/\/www.intiworld.com\/?product=huevo-de-piedra-jaspe-rojo","title":{"rendered":"Huevo de piedra jaspe rojo"},"content":{"rendered":"","protected":false},"excerpt":{"rendered":"<p><strong>Mineral:\u00a0<\/strong>Jaspe Rojo.<br \/>\n<strong>Composici\u00f3n:\u00a0<\/strong>SiO<sub>2.<\/sub><sub><br \/>\n<\/sub><strong>Grupo:<\/strong>\u00a0Silicatos \u2013 tectosilicatos.<br \/>\n<strong>Dureza:<\/strong>\u00a07\u00a0Escala Mhos.<strong><br \/>\nPropiedades Espirituales<\/strong>: El jaspe rojo es una piedra asociada al 1\u00ba chakra,\u00a0<b>promueve el arraigo, la fuerza y la seguridad<\/b>. Suele ser indicada para energizar el cuerpo y aportarle vitalidad. Se considera una piedra de limpieza y equilibrio. A nivel curativo se dice que ayuda a desintoxicar el sistema circulatorio.<\/p>\n<p><strong>Tipo<\/strong>: <strong>Huevo Yoni para Terapia Vaginal.<\/strong> Los huevos vaginales sirven para conocer y trabajar el suelo p\u00e9lvico y la zona vaginal de la mujer. Est\u00e1 especialmente indicado en mujeres que necesitan fortalecer su suelo p\u00e9lvico por motivos hormonales: preparto, postparto y menopausia. Tambi\u00e9n en aquellas mujeres que necesitan ejercitar el suelo p\u00e9lvico debido a su pr\u00e1ctica profesional o deportiva: cantantes, trabajadoras de fuerza, deportistas de crossfit o deportes de impacto. Y, por \u00faltimo, para mujeres que necesitan reeducar su zona p\u00e9lvica, bien por problemas de estre\u00f1imiento o disfunciones sexuales relacionadas con la vagina o el suelo p\u00e9lvico.<br \/>\n<strong>Forma de venta<\/strong>: Por Pieza.<br \/>\n<strong>Tama\u00f1o<\/strong>: 2.5 cm &#8211; 3cm de largo x 2 cm &#8211; 2.5 cm de ancho.<br \/>\n<strong>Forma de entrega<\/strong>: En tienda o Envio por paqueter\u00eda.<\/p>\n<p><strong>Nota<\/strong>: Para cualquier duda sobre este producto favor de mandar mensaje de whats app o por correo electr\u00f3nico.<\/p>\n","protected":false},"featured_media":12945,"comment_status":"open","ping_status":"closed","template":"","meta":[],"product_brand":[],"product_cat":[441],"product_tag":[450,229],"class_list":{"0":"post-13081","1":"product","2":"type-product","3":"status-publish","4":"has-post-thumbnail","6":"product_cat-huevitos-de-piedra-natural","7":"product_tag-huevos","8":"product_tag-piedra","10":"first","11":"instock","12":"taxable","13":"shipping-taxable","14":"product-type-simple"},"_links":{"self":[{"href":"https:\/\/www.intiworld.com\/index.php?rest_route=\/wp\/v2\/product\/13081","targetHints":{"allow":["GET"]}}],"collection":[{"href":"https:\/\/www.intiworld.com\/index.php?rest_route=\/wp\/v2\/product"}],"about":[{"href":"https:\/\/www.intiworld.com\/index.php?rest_route=\/wp\/v2\/types\/product"}],"replies":[{"embeddable":true,"href":"https:\/\/www.intiworld.com\/index.php?rest_route=%2Fwp%2Fv2%2Fcomments&post=13081"}],"version-history":[{"count":1,"href":"https:\/\/www.intiworld.com\/index.php?rest_route=\/wp\/v2\/product\/13081\/revisions"}],"predecessor-version":[{"id":13082,"href":"https:\/\/www.intiworld.com\/index.php?rest_route=\/wp\/v2\/product\/13081\/revisions\/13082"}],"wp:featuredmedia":[{"embeddable":true,"href":"https:\/\/www.intiworld.com\/index.php?rest_route=\/wp\/v2\/media\/12945"}],"wp:attachment":[{"href":"https:\/\/www.intiworld.com\/index.php?rest_route=%2Fwp%2Fv2%2Fmedia&parent=13081"}],"wp:term":[{"taxonomy":"product_brand","embeddable":true,"href":"https:\/\/www.intiworld.com\/index.php?rest_route=%2Fwp%2Fv2%2Fproduct_brand&post=13081"},{"taxonomy":"product_cat","embeddable":true,"href":"https:\/\/www.intiworld.com\/index.php?rest_route=%2Fwp%2Fv2%2Fproduct_cat&post=13081"},{"taxonomy":"product_tag","embeddable":true,"href":"https:\/\/www.intiworld.com\/index.php?rest_route=%2Fwp%2Fv2%2Fproduct_tag&post=13081"}],"curies":[{"name":"wp","href":"https:\/\/api.w.org\/{rel}","templated":true}]}}