{"id":13079,"date":"2025-01-30T22:21:42","date_gmt":"2025-01-30T22:21:42","guid":{"rendered":"https:\/\/www.intiworld.com\/?post_type=product&#038;p=13079"},"modified":"2025-01-30T22:23:05","modified_gmt":"2025-01-30T22:23:05","slug":"huevo-de-piedra-labradorita","status":"publish","type":"product","link":"https:\/\/www.intiworld.com\/?product=huevo-de-piedra-labradorita","title":{"rendered":"Huevo de piedra labradorita"},"content":{"rendered":"","protected":false},"excerpt":{"rendered":"<p><strong>Mineral:<\/strong>\u00a0Labradorita.<br \/>\n<strong>Composici\u00f3n:\u00a0<\/strong>NaAlSi<sub>3<\/sub>O<sub>8<\/sub>\u00a0\u2013 CaAl<sub>2<\/sub>Si<sub>2<\/sub>O<sub>8.<\/sub><strong><br \/>\nGrupo:\u00a0<\/strong>Silicatos \u2013 tectosilicatos.<strong><br \/>\nDureza:\u00a0<\/strong>6 \u2013 6.5\u00a0Escala Mhos.<strong><br \/>\nPropiedades Espirituales<\/strong>: La labradorita es conocida por ser una\u00a0<b>piedra protectora.<\/b>\u00a0Absorbe las energ\u00edas negativas hasta que se disuelven.\u00a0Elimina el estr\u00e9s, las ondas negativas y las ansiedades, para favorecer la calma interior y el bienestar.<\/p>\n<p><strong>Tipo<\/strong>: <strong>Huevo Yoni para Terapia Vaginal.<\/strong> Los huevos vaginales sirven para conocer y trabajar el suelo p\u00e9lvico y la zona vaginal de la mujer. Est\u00e1 especialmente indicado en mujeres que necesitan fortalecer su suelo p\u00e9lvico por motivos hormonales: preparto, postparto y menopausia. Tambi\u00e9n en aquellas mujeres que necesitan ejercitar el suelo p\u00e9lvico debido a su pr\u00e1ctica profesional o deportiva: cantantes, trabajadoras de fuerza, deportistas de crossfit o deportes de impacto. Y, por \u00faltimo, para mujeres que necesitan reeducar su zona p\u00e9lvica, bien por problemas de estre\u00f1imiento o disfunciones sexuales relacionadas con la vagina o el suelo p\u00e9lvico.<br \/>\n<strong>Forma de venta<\/strong>: Por Pieza.<br \/>\n<strong>Tama\u00f1o<\/strong>: 2.5 cm &#8211; 3cm de largo x 2 cm &#8211; 2.5 cm de ancho.<br \/>\n<strong>Forma de entrega<\/strong>: En tienda o Envio por paqueter\u00eda.<\/p>\n<p><strong>Nota<\/strong>: Para cualquier duda sobre este producto favor de mandar mensaje de whats app o por correo electr\u00f3nico.<\/p>\n","protected":false},"featured_media":12947,"comment_status":"open","ping_status":"closed","template":"","meta":[],"product_brand":[],"product_cat":[441],"product_tag":[450,229],"class_list":{"0":"post-13079","1":"product","2":"type-product","3":"status-publish","4":"has-post-thumbnail","6":"product_cat-huevitos-de-piedra-natural","7":"product_tag-huevos","8":"product_tag-piedra","10":"first","11":"instock","12":"taxable","13":"shipping-taxable","14":"product-type-simple"},"_links":{"self":[{"href":"https:\/\/www.intiworld.com\/index.php?rest_route=\/wp\/v2\/product\/13079","targetHints":{"allow":["GET"]}}],"collection":[{"href":"https:\/\/www.intiworld.com\/index.php?rest_route=\/wp\/v2\/product"}],"about":[{"href":"https:\/\/www.intiworld.com\/index.php?rest_route=\/wp\/v2\/types\/product"}],"replies":[{"embeddable":true,"href":"https:\/\/www.intiworld.com\/index.php?rest_route=%2Fwp%2Fv2%2Fcomments&post=13079"}],"version-history":[{"count":1,"href":"https:\/\/www.intiworld.com\/index.php?rest_route=\/wp\/v2\/product\/13079\/revisions"}],"predecessor-version":[{"id":13080,"href":"https:\/\/www.intiworld.com\/index.php?rest_route=\/wp\/v2\/product\/13079\/revisions\/13080"}],"wp:featuredmedia":[{"embeddable":true,"href":"https:\/\/www.intiworld.com\/index.php?rest_route=\/wp\/v2\/media\/12947"}],"wp:attachment":[{"href":"https:\/\/www.intiworld.com\/index.php?rest_route=%2Fwp%2Fv2%2Fmedia&parent=13079"}],"wp:term":[{"taxonomy":"product_brand","embeddable":true,"href":"https:\/\/www.intiworld.com\/index.php?rest_route=%2Fwp%2Fv2%2Fproduct_brand&post=13079"},{"taxonomy":"product_cat","embeddable":true,"href":"https:\/\/www.intiworld.com\/index.php?rest_route=%2Fwp%2Fv2%2Fproduct_cat&post=13079"},{"taxonomy":"product_tag","embeddable":true,"href":"https:\/\/www.intiworld.com\/index.php?rest_route=%2Fwp%2Fv2%2Fproduct_tag&post=13079"}],"curies":[{"name":"wp","href":"https:\/\/api.w.org\/{rel}","templated":true}]}}