{"id":12263,"date":"2025-01-21T19:34:02","date_gmt":"2025-01-21T19:34:02","guid":{"rendered":"https:\/\/www.intiworld.com\/?post_type=product&#038;p=12263"},"modified":"2025-01-21T20:18:18","modified_gmt":"2025-01-21T20:18:18","slug":"cadena-de-metal-con-piedra-topacio","status":"publish","type":"product","link":"https:\/\/www.intiworld.com\/?product=cadena-de-metal-con-piedra-topacio","title":{"rendered":"Cadena de metal con cuentas amorfas de piedra topacio"},"content":{"rendered":"","protected":false},"excerpt":{"rendered":"<p><strong>Mineral:\u00a0<\/strong>Topacio.<br \/>\n<strong>Composici\u00f3n:\u00a0<\/strong>Al<sub>2<\/sub>SiO<sub>4<\/sub>(F,OH)<sub>2<\/sub><strong><br \/>\nGrupo:\u00a0<\/strong>Silicatos \u2013 nesosilicatos.<strong><br \/>\nDureza:\u00a0<\/strong>8\u00a0Escala Mhos.<strong><br \/>\nPropiedades Espirituales<\/strong>: El\u00a0<strong>topacio<\/strong>\u00a0se asocia al 3\u00ba chakra y se considera una piedra de creatividad, alegr\u00eda, generosidad y abundancia. Fortalece y recarga espiritualmente y f\u00edsicamente. Favorece la conexi\u00f3n con la fuerza y la confianza en uno mismo. Ayuda a superar las limitaciones y a realizar los objetivos. El\u00a0<strong>topacio<\/strong>\u00a0ayuda a descubrir la riqueza interna, a conectar con los valores internos, con la confianza, el optimismo y el amor.<\/p>\n<p><strong>Articulo<\/strong>: Cadena con piedra natural.<br \/>\n<strong>Color<\/strong>: Dorado.<br \/>\n<strong>Material<\/strong>: Aleaci\u00f3n.<br \/>\n<strong>Formato de venta<\/strong>: Por Metro.<br \/>\n<strong>Forma de entrega<\/strong>: Recoge en tienda o Envio por paqueter\u00eda.<\/p>\n<p>Cualquier duda con este material favor de mandar whats app o mandar correo electr\u00f3nico.<\/p>\n","protected":false},"featured_media":12255,"comment_status":"open","ping_status":"closed","template":"","meta":[],"product_brand":[],"product_cat":[423],"product_tag":[],"class_list":{"0":"post-12263","1":"product","2":"type-product","3":"status-publish","4":"has-post-thumbnail","6":"product_cat-cadena-de-metal-con-piedras-naturales","8":"first","9":"instock","10":"taxable","11":"shipping-taxable","12":"product-type-simple"},"_links":{"self":[{"href":"https:\/\/www.intiworld.com\/index.php?rest_route=\/wp\/v2\/product\/12263","targetHints":{"allow":["GET"]}}],"collection":[{"href":"https:\/\/www.intiworld.com\/index.php?rest_route=\/wp\/v2\/product"}],"about":[{"href":"https:\/\/www.intiworld.com\/index.php?rest_route=\/wp\/v2\/types\/product"}],"replies":[{"embeddable":true,"href":"https:\/\/www.intiworld.com\/index.php?rest_route=%2Fwp%2Fv2%2Fcomments&post=12263"}],"version-history":[{"count":2,"href":"https:\/\/www.intiworld.com\/index.php?rest_route=\/wp\/v2\/product\/12263\/revisions"}],"predecessor-version":[{"id":12294,"href":"https:\/\/www.intiworld.com\/index.php?rest_route=\/wp\/v2\/product\/12263\/revisions\/12294"}],"wp:featuredmedia":[{"embeddable":true,"href":"https:\/\/www.intiworld.com\/index.php?rest_route=\/wp\/v2\/media\/12255"}],"wp:attachment":[{"href":"https:\/\/www.intiworld.com\/index.php?rest_route=%2Fwp%2Fv2%2Fmedia&parent=12263"}],"wp:term":[{"taxonomy":"product_brand","embeddable":true,"href":"https:\/\/www.intiworld.com\/index.php?rest_route=%2Fwp%2Fv2%2Fproduct_brand&post=12263"},{"taxonomy":"product_cat","embeddable":true,"href":"https:\/\/www.intiworld.com\/index.php?rest_route=%2Fwp%2Fv2%2Fproduct_cat&post=12263"},{"taxonomy":"product_tag","embeddable":true,"href":"https:\/\/www.intiworld.com\/index.php?rest_route=%2Fwp%2Fv2%2Fproduct_tag&post=12263"}],"curies":[{"name":"wp","href":"https:\/\/api.w.org\/{rel}","templated":true}]}}