{"id":12162,"date":"2025-01-15T19:24:34","date_gmt":"2025-01-15T19:24:34","guid":{"rendered":"https:\/\/www.intiworld.com\/?post_type=product&#038;p=12162"},"modified":"2025-01-15T19:25:22","modified_gmt":"2025-01-15T19:25:22","slug":"dije-de-piedra-turmalina-sandia-encapsulado-en-forma-de-gota","status":"publish","type":"product","link":"https:\/\/www.intiworld.com\/?product=dije-de-piedra-turmalina-sandia-encapsulado-en-forma-de-gota","title":{"rendered":"Dije de piedra turmalina sand\u00eda encapsulado en forma de gota"},"content":{"rendered":"","protected":false},"excerpt":{"rendered":"<p><strong>Mineral:<\/strong>\u00a0Turmalina Sandia.<br \/>\n<strong>Composici\u00f3n:\u00a0<\/strong>Na(Mg,Fe,Li,Mn,Al)<sub>3<\/sub>Al<sub>6<\/sub>(BO<sub>3<\/sub>)<sub>3<\/sub>Si<sub>6<\/sub>\u00a0\u00b7 0<sub>18<\/sub>(OH,F)<sub>4.<\/sub><strong><br \/>\nGrupo:\u00a0<\/strong>Silicatos \u2013 ciclosilicatos<strong><br \/>\nDureza:<\/strong>\u00a07 \u2013 7.5 Escala Mhos.<strong><br \/>\nPropiedades Espirituales<\/strong>: La\u00a0<strong>turmalina sand\u00eda<\/strong>\u00a0es el cristal ideal para el chakra del coraz\u00f3n pues en un solo cristal a\u00fana la energ\u00eda y la fuerza de dos colores, el verde y el rosa. La\u00a0<span class=\"own-inside-link\">turmalina<\/span>\u00a0se considera una piedra de limpieza, protecci\u00f3n y transformaci\u00f3n. Se dice que la fuerza de la turmalina es debida a la forma de sus estr\u00edas paralelas, las que transforman las energ\u00edas densas e incrementan la vibraci\u00f3n.<\/p>\n<p><strong>Tipo<\/strong>: Dije Encapsulado.<br \/>\n<strong>Tama\u00f1o<\/strong>: 2.5 cm de ancho x 4 cm de largo.<br \/>\n<strong>Forma de venta<\/strong>: Por Pieza.<br \/>\n<strong>Forma de entrega<\/strong>: En tienda o Envio por paqueter\u00eda.<\/p>\n<p><strong>Nota<\/strong>: Para cualquier duda sobre este material favor de mandar mensaje de whats app o por correo electr\u00f3nico.<\/p>\n","protected":false},"featured_media":12067,"comment_status":"open","ping_status":"closed","template":"","meta":[],"product_brand":[],"product_cat":[421],"product_tag":[306,256],"class_list":{"0":"post-12162","1":"product","2":"type-product","3":"status-publish","4":"has-post-thumbnail","6":"product_cat-dijes-de-piedra-natural-encapsulados-en-forma-de-gota","7":"product_tag-dije","8":"product_tag-piedra-natural","10":"first","11":"instock","12":"taxable","13":"shipping-taxable","14":"product-type-simple"},"_links":{"self":[{"href":"https:\/\/www.intiworld.com\/index.php?rest_route=\/wp\/v2\/product\/12162","targetHints":{"allow":["GET"]}}],"collection":[{"href":"https:\/\/www.intiworld.com\/index.php?rest_route=\/wp\/v2\/product"}],"about":[{"href":"https:\/\/www.intiworld.com\/index.php?rest_route=\/wp\/v2\/types\/product"}],"replies":[{"embeddable":true,"href":"https:\/\/www.intiworld.com\/index.php?rest_route=%2Fwp%2Fv2%2Fcomments&post=12162"}],"version-history":[{"count":1,"href":"https:\/\/www.intiworld.com\/index.php?rest_route=\/wp\/v2\/product\/12162\/revisions"}],"predecessor-version":[{"id":12163,"href":"https:\/\/www.intiworld.com\/index.php?rest_route=\/wp\/v2\/product\/12162\/revisions\/12163"}],"wp:featuredmedia":[{"embeddable":true,"href":"https:\/\/www.intiworld.com\/index.php?rest_route=\/wp\/v2\/media\/12067"}],"wp:attachment":[{"href":"https:\/\/www.intiworld.com\/index.php?rest_route=%2Fwp%2Fv2%2Fmedia&parent=12162"}],"wp:term":[{"taxonomy":"product_brand","embeddable":true,"href":"https:\/\/www.intiworld.com\/index.php?rest_route=%2Fwp%2Fv2%2Fproduct_brand&post=12162"},{"taxonomy":"product_cat","embeddable":true,"href":"https:\/\/www.intiworld.com\/index.php?rest_route=%2Fwp%2Fv2%2Fproduct_cat&post=12162"},{"taxonomy":"product_tag","embeddable":true,"href":"https:\/\/www.intiworld.com\/index.php?rest_route=%2Fwp%2Fv2%2Fproduct_tag&post=12162"}],"curies":[{"name":"wp","href":"https:\/\/api.w.org\/{rel}","templated":true}]}}