{"id":10557,"date":"2024-12-19T23:38:49","date_gmt":"2024-12-19T23:38:49","guid":{"rendered":"https:\/\/www.intiworld.com\/?post_type=product&#038;p=10557"},"modified":"2024-12-19T23:40:24","modified_gmt":"2024-12-19T23:40:24","slug":"anillo-ajustable-con-3-cuentas-de-piedra-obsidiana-negra","status":"publish","type":"product","link":"https:\/\/www.intiworld.com\/?product=anillo-ajustable-con-3-cuentas-de-piedra-obsidiana-negra","title":{"rendered":"Anillo ajustable con 3 cuentas de piedra obsidiana negra"},"content":{"rendered":"","protected":false},"excerpt":{"rendered":"<p><strong>Mineral:\u00a0<\/strong>Obsidiana.<br \/>\n<strong>Composici\u00f3n:\u00a0<\/strong>70\u201375\u00a0% SiO<sub>2<\/sub>, plus MgO, Fe<sub>3<\/sub>O<sub>4.<br \/>\n<\/sub><strong>Grupo:<\/strong>\u00a0roca \u00edgnea\u2014volc\u00e1nica (vidrio volc\u00e1nico).<br \/>\n<strong>Dureza:\u00a0<\/strong>5 \u2013 6 Escala Mhos.<strong><br \/>\nPropiedades Espirituales<\/strong>: La\u00a0<strong>obsidiana<\/strong>\u00a0se considera una potente piedra de crecimiento personal y transformaci\u00f3n. Como piedra negra es usada para la protecci\u00f3n, la limpieza y la purificaci\u00f3n. Est\u00e1 relacionada con el 1\u00ba chakra, con la madre tierra, y representa la integraci\u00f3n de la luz en el mundo terrenal, de manera consciente y din\u00e1mica.<\/p>\n<p><strong>Tipo<\/strong>: Anillo de lat\u00f3n con piedra natural.<br \/>\n<strong>Tama\u00f1o<\/strong>: Ajustable.<br \/>\n<strong>Material<\/strong>: Lat\u00f3n.<br \/>\n<strong>Forma de venta<\/strong>: Por Pieza.<br \/>\n<strong>Forma de entrega<\/strong>: En tienda o Envio por paqueter\u00eda.<\/p>\n<p><strong>Nota<\/strong>: Cualquier duda sobre este articulo favor de mandar mensaje de whats app o mandar correo electr\u00f3nico.<\/p>\n<p>&nbsp;<\/p>\n","protected":false},"featured_media":10541,"comment_status":"open","ping_status":"closed","template":"","meta":[],"product_brand":[],"product_cat":[356],"product_tag":[357,229],"class_list":{"0":"post-10557","1":"product","2":"type-product","3":"status-publish","4":"has-post-thumbnail","6":"product_cat-anillo-de-laton-ajustable-con-3-piedras","7":"product_tag-anillo","8":"product_tag-piedra","10":"first","11":"instock","12":"taxable","13":"shipping-taxable","14":"product-type-simple"},"_links":{"self":[{"href":"https:\/\/www.intiworld.com\/index.php?rest_route=\/wp\/v2\/product\/10557","targetHints":{"allow":["GET"]}}],"collection":[{"href":"https:\/\/www.intiworld.com\/index.php?rest_route=\/wp\/v2\/product"}],"about":[{"href":"https:\/\/www.intiworld.com\/index.php?rest_route=\/wp\/v2\/types\/product"}],"replies":[{"embeddable":true,"href":"https:\/\/www.intiworld.com\/index.php?rest_route=%2Fwp%2Fv2%2Fcomments&post=10557"}],"version-history":[{"count":1,"href":"https:\/\/www.intiworld.com\/index.php?rest_route=\/wp\/v2\/product\/10557\/revisions"}],"predecessor-version":[{"id":10558,"href":"https:\/\/www.intiworld.com\/index.php?rest_route=\/wp\/v2\/product\/10557\/revisions\/10558"}],"wp:featuredmedia":[{"embeddable":true,"href":"https:\/\/www.intiworld.com\/index.php?rest_route=\/wp\/v2\/media\/10541"}],"wp:attachment":[{"href":"https:\/\/www.intiworld.com\/index.php?rest_route=%2Fwp%2Fv2%2Fmedia&parent=10557"}],"wp:term":[{"taxonomy":"product_brand","embeddable":true,"href":"https:\/\/www.intiworld.com\/index.php?rest_route=%2Fwp%2Fv2%2Fproduct_brand&post=10557"},{"taxonomy":"product_cat","embeddable":true,"href":"https:\/\/www.intiworld.com\/index.php?rest_route=%2Fwp%2Fv2%2Fproduct_cat&post=10557"},{"taxonomy":"product_tag","embeddable":true,"href":"https:\/\/www.intiworld.com\/index.php?rest_route=%2Fwp%2Fv2%2Fproduct_tag&post=10557"}],"curies":[{"name":"wp","href":"https:\/\/api.w.org\/{rel}","templated":true}]}}

<p><strong>Mineral: </strong>Obsidiana.<br />
<strong>Composición: </strong>70–75 % SiO<sub>2</sub>, plus MgO, Fe<sub>3</sub>O<sub>4.<br />
</sub><strong>Grupo:</strong> roca ígnea—volcánica (vidrio volcánico).<br />
<strong>Dureza: </strong>5 – 6 Escala Mhos.<strong><br />
Propiedades Espirituales</strong>: La <strong>obsidiana</strong> se considera una potente piedra de crecimiento personal y transformación. Como piedra negra es usada para la protección, la limpieza y la purificación. Está relacionada con el 1º chakra, con la madre tierra, y representa la integración de la luz en el mundo terrenal, de manera consciente y dinámica.</p>
<p><strong>Tipo</strong>: Anillo de latón con piedra natural.<br />
<strong>Tamaño</strong>: Ajustable.<br />
<strong>Material</strong>: Latón.<br />
<strong>Forma de venta</strong>: Por Pieza.<br />
<strong>Forma de entrega</strong>: En tienda o Envio por paquetería.</p>
<p><strong>Nota</strong>: Cualquier duda sobre este articulo favor de mandar mensaje de whats app o mandar correo electrónico.</p>
<p>&nbsp;</p>
