{"id":10513,"date":"2024-11-22T14:53:55","date_gmt":"2024-11-22T14:53:55","guid":{"rendered":"https:\/\/www.intiworld.com\/?post_type=product&#038;p=10513"},"modified":"2024-11-22T14:54:51","modified_gmt":"2024-11-22T14:54:51","slug":"collar-de-piedra-selenita-con-capuchon-dorado","status":"publish","type":"product","link":"https:\/\/www.intiworld.com\/?product=collar-de-piedra-selenita-con-capuchon-dorado","title":{"rendered":"Collar de piedra selenita con capuch\u00f3n dorado"},"content":{"rendered":"","protected":false},"excerpt":{"rendered":"<p><strong>Mineral:\u00a0<\/strong>Selenita.<br \/>\n<strong>Composici\u00f3n:<\/strong>CaSO<sub>4<\/sub>\u00b72H<sub>2<\/sub>O.<sub><br \/>\n<\/sub><strong>Grupo:<\/strong>\u00a0Sulfatos.<br \/>\n<strong>Dureza:<\/strong>\u00a02\u00a0Escala Mhos.<strong><br \/>\nPropiedades Espirituales<\/strong>: La\u00a0<strong>selenita<\/strong>\u00a0simboliza la pureza espiritual. Infunde paz profunda y se recomienda para la meditaci\u00f3n. Se considera una piedra para la expansi\u00f3n de la consciencia y para activar los centros de energ\u00eda superiores, como el chakra de la corona. La\u00a0<strong>selenita<\/strong>\u00a0ayuda a calmar la mente y favorece la claridad y la lucidez.<\/p>\n<p><strong>Tipo<\/strong>: Collar con Dije de Piedra.<br \/>\n<strong>Material<\/strong>: Hilo Encerado.<br \/>\n<strong>Tama\u00f1o<\/strong>: Correa ajustable y el Dije var\u00eda de 1.5 cm a 3 cm Aproximadamente.<br \/>\n<strong>Forma de venta<\/strong>: Por Pieza.<br \/>\n<strong>Forma de entrega<\/strong>: En tienda o Envio por paqueter\u00eda.<\/p>\n<p><strong>Nota<\/strong>: Para cualquier duda sobre este material favor de mandar mensaje de whats app o por correo electr\u00f3nico.<\/p>\n","protected":false},"featured_media":10480,"comment_status":"open","ping_status":"closed","template":"","meta":[],"product_brand":[],"product_cat":[355],"product_tag":[346,229],"class_list":{"0":"post-10513","1":"product","2":"type-product","3":"status-publish","4":"has-post-thumbnail","6":"product_cat-collares-de-piedra-con-capuchon-dorado","7":"product_tag-collar","8":"product_tag-piedra","10":"first","11":"instock","12":"taxable","13":"shipping-taxable","14":"product-type-simple"},"_links":{"self":[{"href":"https:\/\/www.intiworld.com\/index.php?rest_route=\/wp\/v2\/product\/10513","targetHints":{"allow":["GET"]}}],"collection":[{"href":"https:\/\/www.intiworld.com\/index.php?rest_route=\/wp\/v2\/product"}],"about":[{"href":"https:\/\/www.intiworld.com\/index.php?rest_route=\/wp\/v2\/types\/product"}],"replies":[{"embeddable":true,"href":"https:\/\/www.intiworld.com\/index.php?rest_route=%2Fwp%2Fv2%2Fcomments&post=10513"}],"version-history":[{"count":1,"href":"https:\/\/www.intiworld.com\/index.php?rest_route=\/wp\/v2\/product\/10513\/revisions"}],"predecessor-version":[{"id":10514,"href":"https:\/\/www.intiworld.com\/index.php?rest_route=\/wp\/v2\/product\/10513\/revisions\/10514"}],"wp:featuredmedia":[{"embeddable":true,"href":"https:\/\/www.intiworld.com\/index.php?rest_route=\/wp\/v2\/media\/10480"}],"wp:attachment":[{"href":"https:\/\/www.intiworld.com\/index.php?rest_route=%2Fwp%2Fv2%2Fmedia&parent=10513"}],"wp:term":[{"taxonomy":"product_brand","embeddable":true,"href":"https:\/\/www.intiworld.com\/index.php?rest_route=%2Fwp%2Fv2%2Fproduct_brand&post=10513"},{"taxonomy":"product_cat","embeddable":true,"href":"https:\/\/www.intiworld.com\/index.php?rest_route=%2Fwp%2Fv2%2Fproduct_cat&post=10513"},{"taxonomy":"product_tag","embeddable":true,"href":"https:\/\/www.intiworld.com\/index.php?rest_route=%2Fwp%2Fv2%2Fproduct_tag&post=10513"}],"curies":[{"name":"wp","href":"https:\/\/api.w.org\/{rel}","templated":true}]}}

Collar de piedra selenita con capuchón dorado

<p><strong>Mineral: </strong>Selenita.<br />
<strong>Composición:</strong>CaSO<sub>4</sub>·2H<sub>2</sub>O.<sub><br />
</sub><strong>Grupo:</strong> Sulfatos.<br />
<strong>Dureza:</strong> 2 Escala Mhos.<strong><br />
Propiedades Espirituales</strong>: La <strong>selenita</strong> simboliza la pureza espiritual. Infunde paz profunda y se recomienda para la meditación. Se considera una piedra para la expansión de la consciencia y para activar los centros de energía superiores, como el chakra de la corona. La <strong>selenita</strong> ayuda a calmar la mente y favorece la claridad y la lucidez.</p>
<p><strong>Tipo</strong>: Collar con Dije de Piedra.<br />
<strong>Material</strong>: Hilo Encerado.<br />
<strong>Tamaño</strong>: Correa ajustable y el Dije varía de 1.5 cm a 3 cm Aproximadamente.<br />
<strong>Forma de venta</strong>: Por Pieza.<br />
<strong>Forma de entrega</strong>: En tienda o Envio por paquetería.</p>
<p><strong>Nota</strong>: Para cualquier duda sobre este material favor de mandar mensaje de whats app o por correo electrónico.</p>
