{"id":10393,"date":"2024-11-20T23:24:41","date_gmt":"2024-11-20T23:24:41","guid":{"rendered":"https:\/\/www.intiworld.com\/?post_type=product&#038;p=10393"},"modified":"2024-11-21T22:32:22","modified_gmt":"2024-11-21T22:32:22","slug":"collar-de-piedra-turmalina-sandia-con-capuchon-dorado-de-9mm","status":"publish","type":"product","link":"https:\/\/www.intiworld.com\/?product=collar-de-piedra-turmalina-sandia-con-capuchon-dorado-de-9mm","title":{"rendered":"Collar de piedra turmalina sand\u00eda con capuch\u00f3n dorado de 9mm"},"content":{"rendered":"","protected":false},"excerpt":{"rendered":"<p><strong>Mineral:<\/strong>\u00a0Turmalina Sandia.<br \/>\n<strong>Composici\u00f3n:\u00a0<\/strong>Na(Mg,Fe,Li,Mn,Al)<sub>3<\/sub>Al<sub>6<\/sub>(BO<sub>3<\/sub>)<sub>3<\/sub>Si<sub>6<\/sub>\u00a0\u00b7 0<sub>18<\/sub>(OH,F)<sub>4.<\/sub><strong><br \/>\nGrupo:\u00a0<\/strong>Silicatos \u2013 ciclosilicatos<strong><br \/>\nDureza:<\/strong>\u00a07 \u2013 7.5 Escala Mhos.<strong><br \/>\nPropiedades Espirituales<\/strong>: La\u00a0<strong>turmalina sand\u00eda<\/strong>\u00a0es el cristal ideal para el chakra del coraz\u00f3n pues en un solo cristal a\u00fana la energ\u00eda y la fuerza de dos colores, el verde y el rosa. La\u00a0<span class=\"own-inside-link\">turmalina<\/span>\u00a0se considera una piedra de limpieza, protecci\u00f3n y transformaci\u00f3n. Se dice que la fuerza de la turmalina es debida a la forma de sus estr\u00edas paralelas, las que transforman las energ\u00edas densas e incrementan la vibraci\u00f3n.<\/p>\n<p><strong>Tipo<\/strong>: Collar con Dije de Piedra.<br \/>\n<strong>Material<\/strong>: Hilo Encerado.<br \/>\n<strong>Tama\u00f1o<\/strong>: Correa ajustable y el Dije var\u00eda de 1.5 cm a 2.5 cm Aproximadamente.<br \/>\n<strong>Forma de venta<\/strong>: Por Pieza.<br \/>\n<strong>Forma de entrega<\/strong>: En tienda o Envio por paqueter\u00eda.<\/p>\n<p><strong>Nota<\/strong>: Para cualquier duda sobre este material favor de mandar mensaje de whats app o por correo electr\u00f3nico.<\/p>\n","protected":false},"featured_media":10371,"comment_status":"open","ping_status":"closed","template":"","meta":[],"product_brand":[],"product_cat":[354],"product_tag":[346,229],"class_list":{"0":"post-10393","1":"product","2":"type-product","3":"status-publish","4":"has-post-thumbnail","6":"product_cat-collares-de-piedra-natural-con-capuchon-dorado-de-9mm","7":"product_tag-collar","8":"product_tag-piedra","10":"first","11":"instock","12":"taxable","13":"shipping-taxable","14":"product-type-simple"},"_links":{"self":[{"href":"https:\/\/www.intiworld.com\/index.php?rest_route=\/wp\/v2\/product\/10393","targetHints":{"allow":["GET"]}}],"collection":[{"href":"https:\/\/www.intiworld.com\/index.php?rest_route=\/wp\/v2\/product"}],"about":[{"href":"https:\/\/www.intiworld.com\/index.php?rest_route=\/wp\/v2\/types\/product"}],"replies":[{"embeddable":true,"href":"https:\/\/www.intiworld.com\/index.php?rest_route=%2Fwp%2Fv2%2Fcomments&post=10393"}],"version-history":[{"count":2,"href":"https:\/\/www.intiworld.com\/index.php?rest_route=\/wp\/v2\/product\/10393\/revisions"}],"predecessor-version":[{"id":10438,"href":"https:\/\/www.intiworld.com\/index.php?rest_route=\/wp\/v2\/product\/10393\/revisions\/10438"}],"wp:featuredmedia":[{"embeddable":true,"href":"https:\/\/www.intiworld.com\/index.php?rest_route=\/wp\/v2\/media\/10371"}],"wp:attachment":[{"href":"https:\/\/www.intiworld.com\/index.php?rest_route=%2Fwp%2Fv2%2Fmedia&parent=10393"}],"wp:term":[{"taxonomy":"product_brand","embeddable":true,"href":"https:\/\/www.intiworld.com\/index.php?rest_route=%2Fwp%2Fv2%2Fproduct_brand&post=10393"},{"taxonomy":"product_cat","embeddable":true,"href":"https:\/\/www.intiworld.com\/index.php?rest_route=%2Fwp%2Fv2%2Fproduct_cat&post=10393"},{"taxonomy":"product_tag","embeddable":true,"href":"https:\/\/www.intiworld.com\/index.php?rest_route=%2Fwp%2Fv2%2Fproduct_tag&post=10393"}],"curies":[{"name":"wp","href":"https:\/\/api.w.org\/{rel}","templated":true}]}}