{"id":10251,"date":"2024-11-14T22:54:36","date_gmt":"2024-11-14T22:54:36","guid":{"rendered":"https:\/\/www.intiworld.com\/?post_type=product&#038;p=10251"},"modified":"2024-11-14T22:57:02","modified_gmt":"2024-11-14T22:57:02","slug":"dije-de-piedra-pirita-tejido-con-hilo-encerado","status":"publish","type":"product","link":"https:\/\/www.intiworld.com\/?product=dije-de-piedra-pirita-tejido-con-hilo-encerado","title":{"rendered":"Dije de piedra pirita tejido con hilo encerado"},"content":{"rendered":"","protected":false},"excerpt":{"rendered":"<p><strong>Mineral: <\/strong>Pirita.<br \/>\n<strong>Composici\u00f3n: <\/strong>FeS<sub>2.<\/sub><sub><br \/>\n<\/sub><strong>Grupo:<\/strong> Sulfuros.<br \/>\n<strong>Dureza:<\/strong> 6 &#8211; 6.5\u00a0Escala Mhos.<strong><br \/>\nPropiedades Espirituales<\/strong>: La\u00a0<strong>pirita<\/strong>\u00a0se considera una piedra de protecci\u00f3n y prosperidad. Su forma de cristalizar es c\u00fabica, vinculada al n\u00famero 4, s\u00edmbolo tambi\u00e9n de la materia. La\u00a0<strong>pirita<\/strong>\u00a0favorece la creatividad y activa las ideas, habilidades y potenciales. Se dice que es una piedra para los buenos negocios. Incrementa la energ\u00eda vital, fomenta la autoestima y la confianza en uno mismo.<\/p>\n<p><strong>Tipo<\/strong>: Dije Tejido.<br \/>\n<strong>Material<\/strong>: Hilo Encerado.<br \/>\n<strong>Tama\u00f1o<\/strong>: Var\u00edan de 2 a 3 cm Aproximadamente<br \/>\n<strong>Forma de venta<\/strong>: Por Pieza.<br \/>\n<strong>Forma de entrega<\/strong>: En tienda o Envio por paqueter\u00eda.<\/p>\n<p><strong>Nota<\/strong>: Para cualquier duda sobre este material favor de mandar mensaje de whats app o por correo electr\u00f3nico.<\/p>\n","protected":false},"featured_media":10208,"comment_status":"open","ping_status":"closed","template":"","meta":[],"product_brand":[],"product_cat":[351],"product_tag":[306,229],"class_list":{"0":"post-10251","1":"product","2":"type-product","3":"status-publish","4":"has-post-thumbnail","6":"product_cat-dijes-de-piedra-tejidos-artesanalmente-con-hilo-encerado","7":"product_tag-dije","8":"product_tag-piedra","10":"first","11":"instock","12":"taxable","13":"shipping-taxable","14":"product-type-simple"},"_links":{"self":[{"href":"https:\/\/www.intiworld.com\/index.php?rest_route=\/wp\/v2\/product\/10251","targetHints":{"allow":["GET"]}}],"collection":[{"href":"https:\/\/www.intiworld.com\/index.php?rest_route=\/wp\/v2\/product"}],"about":[{"href":"https:\/\/www.intiworld.com\/index.php?rest_route=\/wp\/v2\/types\/product"}],"replies":[{"embeddable":true,"href":"https:\/\/www.intiworld.com\/index.php?rest_route=%2Fwp%2Fv2%2Fcomments&post=10251"}],"version-history":[{"count":1,"href":"https:\/\/www.intiworld.com\/index.php?rest_route=\/wp\/v2\/product\/10251\/revisions"}],"predecessor-version":[{"id":10252,"href":"https:\/\/www.intiworld.com\/index.php?rest_route=\/wp\/v2\/product\/10251\/revisions\/10252"}],"wp:featuredmedia":[{"embeddable":true,"href":"https:\/\/www.intiworld.com\/index.php?rest_route=\/wp\/v2\/media\/10208"}],"wp:attachment":[{"href":"https:\/\/www.intiworld.com\/index.php?rest_route=%2Fwp%2Fv2%2Fmedia&parent=10251"}],"wp:term":[{"taxonomy":"product_brand","embeddable":true,"href":"https:\/\/www.intiworld.com\/index.php?rest_route=%2Fwp%2Fv2%2Fproduct_brand&post=10251"},{"taxonomy":"product_cat","embeddable":true,"href":"https:\/\/www.intiworld.com\/index.php?rest_route=%2Fwp%2Fv2%2Fproduct_cat&post=10251"},{"taxonomy":"product_tag","embeddable":true,"href":"https:\/\/www.intiworld.com\/index.php?rest_route=%2Fwp%2Fv2%2Fproduct_tag&post=10251"}],"curies":[{"name":"wp","href":"https:\/\/api.w.org\/{rel}","templated":true}]}}