{"id":10221,"date":"2024-11-14T20:58:05","date_gmt":"2024-11-14T20:58:05","guid":{"rendered":"https:\/\/www.intiworld.com\/?post_type=product&#038;p=10221"},"modified":"2024-11-14T21:52:36","modified_gmt":"2024-11-14T21:52:36","slug":"dije-de-piedra-agata-de-fuego-tejido-con-hilo-encerado","status":"publish","type":"product","link":"https:\/\/www.intiworld.com\/?product=dije-de-piedra-agata-de-fuego-tejido-con-hilo-encerado","title":{"rendered":"Dije de piedra \u00e1gata de fuego tejido con hilo encerado"},"content":{"rendered":"","protected":false},"excerpt":{"rendered":"<p><strong>Mineral: <\/strong>\u00c1gata de Fuego.<br \/>\n<strong>Composici\u00f3n: <\/strong>SiO<sub>2.<\/sub><strong><br \/>\nGrupo: <\/strong>Silicatos &#8211; tectosilicatos.<strong><br \/>\nDureza:<\/strong> 7 Escala Mhos.<strong><br \/>\nPropiedades Espirituales<\/strong>: El\u00a0<strong>\u00e1gata de fuego<\/strong>\u00a0se considera una piedra fuertemente conectada a la tierra. Aporta seguridad, fuerza y calma. Potencia la vitalidad en todos los niveles y energiza el cuerpo. Estimula el chakra base y la energ\u00eda sexual. El\u00a0<strong>\u00e1gata de fuego<\/strong>\u00a0tambi\u00e9n se considera una piedra apropiada para la meditaci\u00f3n y la introspecci\u00f3n.<\/p>\n<p><strong>Tipo<\/strong>: Dije Tejido.<br \/>\n<strong>Material<\/strong>: Hilo Encerado.<br \/>\n<strong>Tama\u00f1o<\/strong>: Var\u00edan de 2 a 3 cm Aproximadamente<br \/>\n<strong>Forma de venta<\/strong>: Por Pieza.<br \/>\n<strong>Forma de entrega<\/strong>: En tienda o Envio por paqueter\u00eda.<\/p>\n<p><strong>Nota<\/strong>: Para cualquier duda sobre este material favor de mandar mensaje de whats app o por correo electr\u00f3nico.<\/p>\n","protected":false},"featured_media":10215,"comment_status":"open","ping_status":"closed","template":"","meta":[],"product_brand":[],"product_cat":[351],"product_tag":[306,229],"class_list":{"0":"post-10221","1":"product","2":"type-product","3":"status-publish","4":"has-post-thumbnail","6":"product_cat-dijes-de-piedra-tejidos-artesanalmente-con-hilo-encerado","7":"product_tag-dije","8":"product_tag-piedra","10":"first","11":"instock","12":"taxable","13":"shipping-taxable","14":"product-type-simple"},"_links":{"self":[{"href":"https:\/\/www.intiworld.com\/index.php?rest_route=\/wp\/v2\/product\/10221","targetHints":{"allow":["GET"]}}],"collection":[{"href":"https:\/\/www.intiworld.com\/index.php?rest_route=\/wp\/v2\/product"}],"about":[{"href":"https:\/\/www.intiworld.com\/index.php?rest_route=\/wp\/v2\/types\/product"}],"replies":[{"embeddable":true,"href":"https:\/\/www.intiworld.com\/index.php?rest_route=%2Fwp%2Fv2%2Fcomments&post=10221"}],"version-history":[{"count":1,"href":"https:\/\/www.intiworld.com\/index.php?rest_route=\/wp\/v2\/product\/10221\/revisions"}],"predecessor-version":[{"id":10222,"href":"https:\/\/www.intiworld.com\/index.php?rest_route=\/wp\/v2\/product\/10221\/revisions\/10222"}],"wp:featuredmedia":[{"embeddable":true,"href":"https:\/\/www.intiworld.com\/index.php?rest_route=\/wp\/v2\/media\/10215"}],"wp:attachment":[{"href":"https:\/\/www.intiworld.com\/index.php?rest_route=%2Fwp%2Fv2%2Fmedia&parent=10221"}],"wp:term":[{"taxonomy":"product_brand","embeddable":true,"href":"https:\/\/www.intiworld.com\/index.php?rest_route=%2Fwp%2Fv2%2Fproduct_brand&post=10221"},{"taxonomy":"product_cat","embeddable":true,"href":"https:\/\/www.intiworld.com\/index.php?rest_route=%2Fwp%2Fv2%2Fproduct_cat&post=10221"},{"taxonomy":"product_tag","embeddable":true,"href":"https:\/\/www.intiworld.com\/index.php?rest_route=%2Fwp%2Fv2%2Fproduct_tag&post=10221"}],"curies":[{"name":"wp","href":"https:\/\/api.w.org\/{rel}","templated":true}]}}